{"version":"1.0","provider_name":"Graie","provider_url":"https:\/\/asso.graie.org\/portail","title":"Le GRAIE participe \u00e0 CYCL\u2019EAU Vichy | Graie","type":"rich","width":600,"height":338,"html":"<blockquote class=\"wp-embedded-content\" data-secret=\"HMY7AKDFpL\"><a href=\"https:\/\/asso.graie.org\/portail\/le-graie-participe-a-cycleau-vichy\/\">Le GRAIE participe \u00e0 CYCL\u2019EAU Vichy<\/a><\/blockquote><iframe sandbox=\"allow-scripts\" security=\"restricted\" src=\"https:\/\/asso.graie.org\/portail\/le-graie-participe-a-cycleau-vichy\/embed\/#?secret=HMY7AKDFpL\" width=\"600\" height=\"338\" title=\"\u00ab\u00a0Le GRAIE participe \u00e0 CYCL\u2019EAU Vichy\u00a0\u00bb &#8212; Graie\" data-secret=\"HMY7AKDFpL\" frameborder=\"0\" marginwidth=\"0\" marginheight=\"0\" scrolling=\"no\" class=\"wp-embedded-content\"><\/iframe><script type=\"text\/javascript\">\n\/*! This file is auto-generated *\/\n!function(c,d){\"use strict\";var e=!1,o=!1;if(d.querySelector)if(c.addEventListener)e=!0;if(c.wp=c.wp||{},c.wp.receiveEmbedMessage);else if(c.wp.receiveEmbedMessage=function(e){var t=e.data;if(!t);else if(!(t.secret||t.message||t.value));else if(\/[^a-zA-Z0-9]\/.test(t.secret));else{for(var r,s,a,i=d.querySelectorAll('iframe[data-secret=\"'+t.secret+'\"]'),n=d.querySelectorAll('blockquote[data-secret=\"'+t.secret+'\"]'),o=new RegExp(\"^https?:$\",\"i\"),l=0;l<n.length;l++)n[l].style.display=\"none\";for(l=0;l<i.length;l++)if(r=i[l],e.source!==r.contentWindow);else{if(r.removeAttribute(\"style\"),\"height\"===t.message){if(1e3<(s=parseInt(t.value,10)))s=1e3;else if(~~s<200)s=200;r.height=s}if(\"link\"===t.message)if(s=d.createElement(\"a\"),a=d.createElement(\"a\"),s.href=r.getAttribute(\"src\"),a.href=t.value,!o.test(a.protocol));else if(a.host===s.host)if(d.activeElement===r)c.top.location.href=t.value}}},e)c.addEventListener(\"message\",c.wp.receiveEmbedMessage,!1),d.addEventListener(\"DOMContentLoaded\",t,!1),c.addEventListener(\"load\",t,!1);function t(){if(o);else{o=!0;for(var e,t,r,s=-1!==navigator.appVersion.indexOf(\"MSIE 10\"),a=!!navigator.userAgent.match(\/Trident.*rv:11\\.\/),i=d.querySelectorAll(\"iframe.wp-embedded-content\"),n=0;n<i.length;n++){if(!(r=(t=i[n]).getAttribute(\"data-secret\")))r=Math.random().toString(36).substr(2,10),t.src+=\"#?secret=\"+r,t.setAttribute(\"data-secret\",r);if(s||a)(e=t.cloneNode(!0)).removeAttribute(\"security\"),t.parentNode.replaceChild(e,t);t.contentWindow.postMessage({message:\"ready\",secret:r},\"*\")}}}}(window,document);\n<\/script>\n","thumbnail_url":"https:\/\/asso.graie.org\/portail\/wp-content\/uploads\/2020\/10\/cycleauvichyr.jpg","thumbnail_width":227,"thumbnail_height":234,"description":"Cycl\u2019eau est le 1er salon professionnel r\u00e9gional d\u00e9di\u00e9 \u00e0 la gestion de l\u2019eau au c\u0153ur des bassins hydrographiques \u00e0 destination des acteurs publics et priv\u00e9s du secteur de la gestion de l\u2019eau. &nbsp; La prochaine journ\u00e9e th\u00e9matique se tiendra \u00e0 &hellip;"}

Le GRAIE participe à CYCL’EAU Vichy | Graie

<blockquote class="wp-embedded-content" data-secret="HMY7AKDFpL"><a href="https://asso.graie.org/portail/le-graie-participe-a-cycleau-vichy/">Le GRAIE participe à CYCL’EAU Vichy</a></blockquote><iframe sandbox="allow-scripts" security="restricted" src="https://asso.graie.org/portail/le-graie-participe-a-cycleau-vichy/embed/#?secret=HMY7AKDFpL" width="600" height="338" title="« Le GRAIE participe à CYCL’EAU Vichy » &#8212; Graie" data-secret="HMY7AKDFpL" frameborder="0" marginwidth="0" marginheight="0" scrolling="no" class="wp-embedded-content"></iframe><script type="text/javascript">
/*! This file is auto-generated */
!function(c,d){"use strict";var e=!1,o=!1;if(d.querySelector)if(c.addEventListener)e=!0;if(c.wp=c.wp||{},c.wp.receiveEmbedMessage);else if(c.wp.receiveEmbedMessage=function(e){var t=e.data;if(!t);else if(!(t.secret||t.message||t.value));else if(/[^a-zA-Z0-9]/.test(t.secret));else{for(var r,s,a,i=d.querySelectorAll('iframe[data-secret="'+t.secret+'"]'),n=d.querySelectorAll('blockquote[data-secret="'+t.secret+'"]'),o=new RegExp("^https?:$","i"),l=0;l<n.length;l++)n[l].style.display="none";for(l=0;l<i.length;l++)if(r=i[l],e.source!==r.contentWindow);else{if(r.removeAttribute("style"),"height"===t.message){if(1e3<(s=parseInt(t.value,10)))s=1e3;else if(~~s<200)s=200;r.height=s}if("link"===t.message)if(s=d.createElement("a"),a=d.createElement("a"),s.href=r.getAttribute("src"),a.href=t.value,!o.test(a.protocol));else if(a.host===s.host)if(d.activeElement===r)c.top.location.href=t.value}}},e)c.addEventListener("message",c.wp.receiveEmbedMessage,!1),d.addEventListener("DOMContentLoaded",t,!1),c.addEventListener("load",t,!1);function t(){if(o);else{o=!0;for(var e,t,r,s=-1!==navigator.appVersion.indexOf("MSIE 10"),a=!!navigator.userAgent.match(/Trident.*rv:11\./),i=d.querySelectorAll("iframe.wp-embedded-content"),n=0;n<i.length;n++){if(!(r=(t=i[n]).getAttribute("data-secret")))r=Math.random().toString(36).substr(2,10),t.src+="#?secret="+r,t.setAttribute("data-secret",r);if(s||a)(e=t.cloneNode(!0)).removeAttribute("security"),t.parentNode.replaceChild(e,t);t.contentWindow.postMessage({message:"ready",secret:r},"*")}}}}(window,document);
</script>

Cycl’eau est le 1er salon professionnel régional dédié à la gestion de l’eau au cœur des bassins hydrographiques à destination des acteurs publics et privés du secteur de la gestion de l’eau. &nbsp; La prochaine journée thématique se tiendra à &hellip;
