{"id":1096,"date":"2017-06-28T15:01:57","date_gmt":"2017-06-28T13:01:57","guid":{"rendered":"https:\/\/asso.graie.org\/portail\/?page_id=1096"},"modified":"2022-09-08T17:04:29","modified_gmt":"2022-09-08T15:04:29","slug":"animationregionale","status":"publish","type":"page","link":"https:\/\/asso.graie.org\/portail\/animationregionale\/","title":{"rendered":"Animation"},"content":{"rendered":"\n<h2 class=\"wp-block-heading\">Le dialogue inter-acteurs, source de changement<\/h2>\n\n\n\n<div style=\"height:42px\" aria-hidden=\"true\" class=\"wp-block-spacer\"><\/div>\n\n\n\n<p>Croiser les enjeux, les questions, les besoins de chacun dans un espace neutre,<br>d\u00e9battre des nouvelles pratiques, de leurs atouts comme de leurs contraintes de mise en \u0153uvre\u2026<\/p>\n\n\n\n<p>Pour le Graie, l\u2019intelligence collective et le dialogue inter-acteurs sont les leviers du changement.<br>En r\u00e9unissant collectivit\u00e9s, bureaux d\u2019\u00e9tudes, organismes d&rsquo;\u00e9tat, gestionnaires avec des formats d\u2019\u00e9change vari\u00e9s, le Graie cr\u00e9e les conditions d\u2019une vision plus int\u00e9gr\u00e9e, plus prospective et partenariale de la gestion de l\u2019eau.<\/p>\n\n\n\n<div style=\"height:40px\" aria-hidden=\"true\" class=\"wp-block-spacer\"><\/div>\n\n\n\n<h4 class=\"wp-block-heading\">Les outils de dialogues et d&rsquo;\u00e9changes :<\/h4>\n\n\n\n<div style=\"height:26px\" aria-hidden=\"true\" class=\"wp-block-spacer\"><\/div>\n\n\n\n<div class=\"wp-block-columns are-vertically-aligned-center is-layout-flex wp-container-4 wp-block-columns-is-layout-flex\">\n<div class=\"wp-block-column is-vertically-aligned-center is-layout-flow wp-block-column-is-layout-flow\" style=\"flex-basis:33.33%\">\n<h2 class=\"has-text-align-center wp-block-heading\">Des groupes de travail<\/h2>\n\n\n\n<div style=\"height:27px\" aria-hidden=\"true\" class=\"wp-block-spacer\"><\/div>\n\n\n\n<div class=\"wp-block-buttons is-content-justification-center is-layout-flex wp-container-1 wp-block-buttons-is-layout-flex\">\n<div class=\"wp-block-button\"><a class=\"wp-block-button__link has-white-color has-vivid-cyan-blue-background-color has-text-color has-background\" href=\"https:\/\/asso.graie.org\/portail\/animationregionale\/groupesdetravail\/\"><strong>Les groupes de travail<\/strong><\/a><\/div>\n<\/div>\n<\/div>\n\n\n\n<div class=\"wp-block-column is-vertically-aligned-center is-layout-flow wp-block-column-is-layout-flow\" style=\"flex-basis:66.66%\">\n<p>L\u2019animation de r\u00e9seaux est au c\u0153ur de l&rsquo;activit\u00e9 associative du Graie. <a href=\"https:\/\/asso.graie.org\/portail\/animationregionale\/groupesdetravail\/\">Cinq r\u00e9seaux d\u2019\u00e9changes<\/a> sont actuellement actifs, avec une mise en place progressive depuis 2000. Les groupes de travail se r\u00e9unissent entre 2 et 4 fois par an. Chaque groupe a des enjeux relativement diff\u00e9rents, entre l&rsquo;\u00e9change et la mise en relation, la production de documents techniques et la mise en ligne d\u2019information, l&rsquo;organisation de conf\u00e9rences ou la contribution aux travaux r\u00e9glementaires nationaux.<\/p>\n<\/div>\n<\/div>\n\n\n\n<div class=\"wp-block-columns are-vertically-aligned-center is-layout-flex wp-container-8 wp-block-columns-is-layout-flex\">\n<div class=\"wp-block-column is-vertically-aligned-center is-layout-flow wp-block-column-is-layout-flow\" style=\"flex-basis:33.33%\">\n<h2 class=\"has-text-align-center wp-block-heading\">Des animations sp\u00e9cifiques<\/h2>\n\n\n\n<div style=\"height:30px\" aria-hidden=\"true\" class=\"wp-block-spacer\"><\/div>\n\n\n\n<div class=\"wp-block-buttons is-content-justification-center is-layout-flex wp-container-5 wp-block-buttons-is-layout-flex\">\n<div class=\"wp-block-button\"><a class=\"wp-block-button__link has-white-color has-vivid-cyan-blue-background-color has-text-color has-background\" href=\"https:\/\/asso.graie.org\/portail\/animationregionale\/animations-specifiques\/\"><strong>Les animations sp\u00e9cifiques<\/strong><\/a><\/div>\n<\/div>\n<\/div>\n\n\n\n<div class=\"wp-block-column is-vertically-aligned-center is-layout-flow wp-block-column-is-layout-flow\" style=\"flex-basis:66.66%\">\n<p>Ces animations diverses permettent d&rsquo;ouvrir l&rsquo;\u00e9changes \u00e0 toutes les personnes dans des secteurs particuliers du domaine de l&rsquo;eau : la Charte Qualit&rsquo;ANC depuis 2018 (en pause), l&rsquo;Atelier Ville Perm\u00e9able depuis 2021, le R\u00e9seau des Animateurs Eaux Pluviales depuis 2019&#8230; <\/p>\n<\/div>\n<\/div>\n\n\n\n<div class=\"wp-block-columns are-vertically-aligned-center is-layout-flex wp-container-12 wp-block-columns-is-layout-flex\">\n<div class=\"wp-block-column is-vertically-aligned-center is-layout-flow wp-block-column-is-layout-flow\" style=\"flex-basis:33.33%\">\n<h2 class=\"has-text-align-center wp-block-heading\">Des observatoires<\/h2>\n\n\n\n<div style=\"height:32px\" aria-hidden=\"true\" class=\"wp-block-spacer\"><\/div>\n\n\n\n<div class=\"wp-block-buttons is-content-justification-center is-layout-flex wp-container-9 wp-block-buttons-is-layout-flex\">\n<div class=\"wp-block-button\"><a class=\"wp-block-button__link has-white-color has-vivid-cyan-blue-background-color has-text-color has-background\" href=\"https:\/\/asso.graie.org\/portail\/animationregionale\/observatoires-regionaux\/\"><strong>Les observatoires<\/strong><\/a><\/div>\n<\/div>\n<\/div>\n\n\n\n<div class=\"wp-block-column is-vertically-aligned-center is-layout-flow wp-block-column-is-layout-flow\" style=\"flex-basis:66.66%\">\n<p>Des observatoires sur les pratiques sont d\u00e9ploy\u00e9s autour des solutions exemplaires de gestion des eaux pluviales, des services publics d&rsquo;ANC ou encore sur l&rsquo;autosurveilllance des r\u00e9seaux d&rsquo;assainissement.<\/p>\n<\/div>\n<\/div>\n\n\n\n<div class=\"wp-block-columns are-vertically-aligned-center is-layout-flex wp-container-16 wp-block-columns-is-layout-flex\">\n<div class=\"wp-block-column is-vertically-aligned-center is-layout-flow wp-block-column-is-layout-flow\" style=\"flex-basis:33.33%\">\n<h2 class=\"has-text-align-center wp-block-heading\">Des journ\u00e9es en appui<\/h2>\n\n\n\n<div style=\"height:31px\" aria-hidden=\"true\" class=\"wp-block-spacer\"><\/div>\n\n\n\n<div class=\"wp-block-buttons is-content-justification-center is-layout-flex wp-container-13 wp-block-buttons-is-layout-flex\">\n<div class=\"wp-block-button\"><a class=\"wp-block-button__link has-white-color has-vivid-cyan-blue-background-color has-text-color has-background\" href=\"https:\/\/asso.graie.org\/portail\/categorie\/toute-lactu\/agenda\/\"><strong>Les journ\u00e9es et \u00e9v\u00e8nements \u00e0 venir<\/strong><\/a><\/div>\n<\/div>\n<\/div>\n\n\n\n<div class=\"wp-block-column is-vertically-aligned-center is-layout-flow wp-block-column-is-layout-flow\" style=\"flex-basis:66.66%\">\n<p>Le Graie organise r\u00e9guli\u00e8rement des conf\u00e9rences ou des s\u00e9minaires d&rsquo;\u00e9changes, en appui sur les groupes de travail, ou dans le cadre de partenariats avec d&rsquo;autres organismes. Elles couplent g\u00e9n\u00e9ralement les diff\u00e9rentes dimensions : cadrage r\u00e9glementaire, r\u00e9sultats de recherche et retours d&rsquo;exp\u00e9rience.<\/p>\n<\/div>\n<\/div>\n\n\n\n<p><\/p>\n","protected":false},"excerpt":{"rendered":"<p>Le dialogue inter-acteurs, source de changement Croiser les enjeux, les questions, les besoins de chacun dans un espace neutre,d\u00e9battre des nouvelles pratiques, de leurs atouts comme de leurs contraintes de mise en \u0153uvre\u2026 Pour le Graie, l\u2019intelligence collective et le &hellip;<\/p>\n","protected":false},"author":1,"featured_media":0,"parent":0,"menu_order":0,"comment_status":"closed","ping_status":"closed","template":"","meta":{"_mi_skip_tracking":false,"footnotes":""},"acf":[],"yoast_head":"<!-- This site is optimized with the Yoast SEO plugin v19.13 - https:\/\/yoast.com\/wordpress\/plugins\/seo\/ -->\n<title>Animation r\u00e9gionale | Le Graie<\/title>\n<meta name=\"description\" content=\"Le Graie anime r\u00e9guli\u00e8rement des groupes de travail, plusieurs observatoires et organise des journ\u00e9es de d\u00e9couverte et de rencontre, en plus d&#039;animations sp\u00e9cifiques.\" \/>\n<meta name=\"robots\" content=\"index, follow, max-snippet:-1, max-image-preview:large, max-video-preview:-1\" \/>\n<link rel=\"canonical\" href=\"https:\/\/asso.graie.org\/portail\/animationregionale\/\" \/>\n<meta property=\"og:locale\" content=\"fr_FR\" \/>\n<meta property=\"og:type\" content=\"article\" \/>\n<meta property=\"og:title\" content=\"Animation r\u00e9gionale | Le Graie\" \/>\n<meta property=\"og:description\" content=\"Le Graie anime r\u00e9guli\u00e8rement des groupes de travail, plusieurs observatoires et organise des journ\u00e9es de d\u00e9couverte et de rencontre, en plus d&#039;animations sp\u00e9cifiques.\" \/>\n<meta property=\"og:url\" content=\"https:\/\/asso.graie.org\/portail\/animationregionale\/\" \/>\n<meta property=\"og:site_name\" content=\"Graie\" \/>\n<meta property=\"article:modified_time\" content=\"2022-09-08T15:04:29+00:00\" \/>\n<meta name=\"twitter:card\" content=\"summary_large_image\" \/>\n<meta name=\"twitter:site\" content=\"@asso_graie\" \/>\n<meta name=\"twitter:label1\" content=\"Dur\u00e9e de lecture estim\u00e9e\" \/>\n\t<meta name=\"twitter:data1\" content=\"2 minutes\" \/>\n<script type=\"application\/ld+json\" class=\"yoast-schema-graph\">{\"@context\":\"https:\/\/schema.org\",\"@graph\":[{\"@type\":\"WebPage\",\"@id\":\"https:\/\/asso.graie.org\/portail\/animationregionale\/\",\"url\":\"https:\/\/asso.graie.org\/portail\/animationregionale\/\",\"name\":\"Animation r\u00e9gionale | Le Graie\",\"isPartOf\":{\"@id\":\"https:\/\/asso.graie.org\/portail\/#website\"},\"datePublished\":\"2017-06-28T13:01:57+00:00\",\"dateModified\":\"2022-09-08T15:04:29+00:00\",\"description\":\"Le Graie anime r\u00e9guli\u00e8rement des groupes de travail, plusieurs observatoires et organise des journ\u00e9es de d\u00e9couverte et de rencontre, en plus d'animations sp\u00e9cifiques.\",\"breadcrumb\":{\"@id\":\"https:\/\/asso.graie.org\/portail\/animationregionale\/#breadcrumb\"},\"inLanguage\":\"fr-FR\",\"potentialAction\":[{\"@type\":\"ReadAction\",\"target\":[\"https:\/\/asso.graie.org\/portail\/animationregionale\/\"]}]},{\"@type\":\"BreadcrumbList\",\"@id\":\"https:\/\/asso.graie.org\/portail\/animationregionale\/#breadcrumb\",\"itemListElement\":[{\"@type\":\"ListItem\",\"position\":1,\"name\":\"Accueil\",\"item\":\"https:\/\/asso.graie.org\/portail\/\"},{\"@type\":\"ListItem\",\"position\":2,\"name\":\"Animation\"}]},{\"@type\":\"WebSite\",\"@id\":\"https:\/\/asso.graie.org\/portail\/#website\",\"url\":\"https:\/\/asso.graie.org\/portail\/\",\"name\":\"Graie\",\"description\":\"P\u00f4le Eau et Territoires\",\"publisher\":{\"@id\":\"https:\/\/asso.graie.org\/portail\/#organization\"},\"potentialAction\":[{\"@type\":\"SearchAction\",\"target\":{\"@type\":\"EntryPoint\",\"urlTemplate\":\"https:\/\/asso.graie.org\/portail\/?s={search_term_string}\"},\"query-input\":\"required name=search_term_string\"}],\"inLanguage\":\"fr-FR\"},{\"@type\":\"Organization\",\"@id\":\"https:\/\/asso.graie.org\/portail\/#organization\",\"name\":\"Le Graie\",\"url\":\"https:\/\/asso.graie.org\/portail\/\",\"logo\":{\"@type\":\"ImageObject\",\"inLanguage\":\"fr-FR\",\"@id\":\"https:\/\/asso.graie.org\/portail\/#\/schema\/logo\/image\/\",\"url\":\"https:\/\/asso.graie.org\/portail\/wp-content\/uploads\/2021\/12\/Logotype-Graie.png\",\"contentUrl\":\"https:\/\/asso.graie.org\/portail\/wp-content\/uploads\/2021\/12\/Logotype-Graie.png\",\"width\":1890,\"height\":1181,\"caption\":\"Le Graie\"},\"image\":{\"@id\":\"https:\/\/asso.graie.org\/portail\/#\/schema\/logo\/image\/\"},\"sameAs\":[\"https:\/\/fr.linkedin.com\/company\/graie?trk=top_nav_home\",\"https:\/\/www.youtube.com\/channel\/UCZQk0Tt7upYwERYNdDIZqLQ\",\"https:\/\/twitter.com\/asso_graie\"]}]}<\/script>\n<!-- \/ Yoast SEO plugin. -->","yoast_head_json":{"title":"Animation r\u00e9gionale | Le Graie","description":"Le Graie anime r\u00e9guli\u00e8rement des groupes de travail, plusieurs observatoires et organise des journ\u00e9es de d\u00e9couverte et de rencontre, en plus d'animations sp\u00e9cifiques.","robots":{"index":"index","follow":"follow","max-snippet":"max-snippet:-1","max-image-preview":"max-image-preview:large","max-video-preview":"max-video-preview:-1"},"canonical":"https:\/\/asso.graie.org\/portail\/animationregionale\/","og_locale":"fr_FR","og_type":"article","og_title":"Animation r\u00e9gionale | Le Graie","og_description":"Le Graie anime r\u00e9guli\u00e8rement des groupes de travail, plusieurs observatoires et organise des journ\u00e9es de d\u00e9couverte et de rencontre, en plus d'animations sp\u00e9cifiques.","og_url":"https:\/\/asso.graie.org\/portail\/animationregionale\/","og_site_name":"Graie","article_modified_time":"2022-09-08T15:04:29+00:00","twitter_card":"summary_large_image","twitter_site":"@asso_graie","twitter_misc":{"Dur\u00e9e de lecture estim\u00e9e":"2 minutes"},"schema":{"@context":"https:\/\/schema.org","@graph":[{"@type":"WebPage","@id":"https:\/\/asso.graie.org\/portail\/animationregionale\/","url":"https:\/\/asso.graie.org\/portail\/animationregionale\/","name":"Animation r\u00e9gionale | Le Graie","isPartOf":{"@id":"https:\/\/asso.graie.org\/portail\/#website"},"datePublished":"2017-06-28T13:01:57+00:00","dateModified":"2022-09-08T15:04:29+00:00","description":"Le Graie anime r\u00e9guli\u00e8rement des groupes de travail, plusieurs observatoires et organise des journ\u00e9es de d\u00e9couverte et de rencontre, en plus d'animations sp\u00e9cifiques.","breadcrumb":{"@id":"https:\/\/asso.graie.org\/portail\/animationregionale\/#breadcrumb"},"inLanguage":"fr-FR","potentialAction":[{"@type":"ReadAction","target":["https:\/\/asso.graie.org\/portail\/animationregionale\/"]}]},{"@type":"BreadcrumbList","@id":"https:\/\/asso.graie.org\/portail\/animationregionale\/#breadcrumb","itemListElement":[{"@type":"ListItem","position":1,"name":"Accueil","item":"https:\/\/asso.graie.org\/portail\/"},{"@type":"ListItem","position":2,"name":"Animation"}]},{"@type":"WebSite","@id":"https:\/\/asso.graie.org\/portail\/#website","url":"https:\/\/asso.graie.org\/portail\/","name":"Graie","description":"P\u00f4le Eau et Territoires","publisher":{"@id":"https:\/\/asso.graie.org\/portail\/#organization"},"potentialAction":[{"@type":"SearchAction","target":{"@type":"EntryPoint","urlTemplate":"https:\/\/asso.graie.org\/portail\/?s={search_term_string}"},"query-input":"required name=search_term_string"}],"inLanguage":"fr-FR"},{"@type":"Organization","@id":"https:\/\/asso.graie.org\/portail\/#organization","name":"Le Graie","url":"https:\/\/asso.graie.org\/portail\/","logo":{"@type":"ImageObject","inLanguage":"fr-FR","@id":"https:\/\/asso.graie.org\/portail\/#\/schema\/logo\/image\/","url":"https:\/\/asso.graie.org\/portail\/wp-content\/uploads\/2021\/12\/Logotype-Graie.png","contentUrl":"https:\/\/asso.graie.org\/portail\/wp-content\/uploads\/2021\/12\/Logotype-Graie.png","width":1890,"height":1181,"caption":"Le Graie"},"image":{"@id":"https:\/\/asso.graie.org\/portail\/#\/schema\/logo\/image\/"},"sameAs":["https:\/\/fr.linkedin.com\/company\/graie?trk=top_nav_home","https:\/\/www.youtube.com\/channel\/UCZQk0Tt7upYwERYNdDIZqLQ","https:\/\/twitter.com\/asso_graie"]}]}},"_links":{"self":[{"href":"https:\/\/asso.graie.org\/portail\/wp-json\/wp\/v2\/pages\/1096"}],"collection":[{"href":"https:\/\/asso.graie.org\/portail\/wp-json\/wp\/v2\/pages"}],"about":[{"href":"https:\/\/asso.graie.org\/portail\/wp-json\/wp\/v2\/types\/page"}],"author":[{"embeddable":true,"href":"https:\/\/asso.graie.org\/portail\/wp-json\/wp\/v2\/users\/1"}],"replies":[{"embeddable":true,"href":"https:\/\/asso.graie.org\/portail\/wp-json\/wp\/v2\/comments?post=1096"}],"version-history":[{"count":6,"href":"https:\/\/asso.graie.org\/portail\/wp-json\/wp\/v2\/pages\/1096\/revisions"}],"predecessor-version":[{"id":21412,"href":"https:\/\/asso.graie.org\/portail\/wp-json\/wp\/v2\/pages\/1096\/revisions\/21412"}],"wp:attachment":[{"href":"https:\/\/asso.graie.org\/portail\/wp-json\/wp\/v2\/media?parent=1096"}],"curies":[{"name":"wp","href":"https:\/\/api.w.org\/{rel}","templated":true}]}}