{"id":1100,"date":"2017-09-06T17:02:19","date_gmt":"2017-09-06T15:02:19","guid":{"rendered":"https:\/\/asso.graie.org\/portail\/?page_id=1100"},"modified":"2025-04-03T16:35:36","modified_gmt":"2025-04-03T14:35:36","slug":"conferences-internationales","status":"publish","type":"page","link":"https:\/\/asso.graie.org\/portail\/conferences-internationales\/","title":{"rendered":"Le Graie \u00e0 l&rsquo;international"},"content":{"rendered":"\n<div style=\"height:31px\" aria-hidden=\"true\" class=\"wp-block-spacer\"><\/div>\n\n\n\n<figure class=\"wp-block-image size-full is-resized\"><a href=\"https:\/\/asso.graie.org\/portail\/international-scene\/\"><img decoding=\"async\" loading=\"lazy\" width=\"512\" height=\"512\" src=\"https:\/\/asso.graie.org\/portail\/wp-content\/uploads\/2022\/10\/drapeau-Eng-1.png\" alt=\"\" class=\"wp-image-22063\" style=\"width:55px;height:55px\" srcset=\"https:\/\/asso.graie.org\/portail\/wp-content\/uploads\/2022\/10\/drapeau-Eng-1.png 512w, https:\/\/asso.graie.org\/portail\/wp-content\/uploads\/2022\/10\/drapeau-Eng-1-300x300.png 300w, https:\/\/asso.graie.org\/portail\/wp-content\/uploads\/2022\/10\/drapeau-Eng-1-150x150.png 150w\" sizes=\"(max-width: 512px) 100vw, 512px\" \/><\/a><\/figure>\n\n\n\n<div style=\"height:31px\" aria-hidden=\"true\" class=\"wp-block-spacer\"><\/div>\n\n\n\n<h2 class=\"wp-block-heading\">Une ouverture sur le monde<\/h2>\n\n\n\n<div style=\"height:31px\" aria-hidden=\"true\" class=\"wp-block-spacer\"><\/div>\n\n\n\n<p>Le Graie, tr\u00e8s dynamique au niveau r\u00e9gional, est aussi soucieux d\u2019ouvrir son r\u00e9seau aux probl\u00e9matiques mondiales li\u00e9es \u00e0 l\u2019eau. C\u2019est pourquoi il est partenaire du projet europ\u00e9en <strong><a href=\"https:\/\/asso.graie.org\/portail\/conferences-internationales\/projet-co-udlabs\/\">Co-UDlabs<\/a><\/strong> et organise depuis longtemps deux conf\u00e9rences internationales triennales : <a href=\"https:\/\/asso.graie.org\/portail\/alinternationale\/novatech\/\"><strong>Novatech<\/strong><\/a> et<strong><a href=\"https:\/\/asso.graie.org\/portail\/alinternational\/isrivers\/\"> I.S.Rivers<\/a>.<\/strong> Il participe \u00e9galement au projet europ\u00e9en <strong><a href=\"https:\/\/asso.graie.org\/portail\/interreg-nwe-resiriver\/\">ResiRiver<\/a><\/strong>.<\/p>\n\n\n\n<div style=\"height:31px\" aria-hidden=\"true\" class=\"wp-block-spacer\"><\/div>\n\n\n\n<p>Les deux conf\u00e9rences \u2013 reconnues pas les acteurs internationaux de la gestion de l\u2019eau \u2013 accueillent g\u00e9n\u00e9ralement plus de 500 participants sur plusieurs jours de conf\u00e9rences, workshops et visites de terrain.<\/p>\n\n\n\n<div style=\"height:30px\" aria-hidden=\"true\" class=\"wp-block-spacer\"><\/div>\n\n\n\n<div class=\"wp-block-columns is-layout-flex wp-container-3 wp-block-columns-is-layout-flex\">\n<div class=\"wp-block-column is-layout-flow wp-block-column-is-layout-flow\" style=\"flex-basis:33.33%\">\n<figure class=\"wp-block-image size-large\"><a href=\"https:\/\/asso.graie.org\/portail\/conferences-internationales\/isrivers\/\"><img decoding=\"async\" loading=\"lazy\" width=\"1024\" height=\"534\" src=\"https:\/\/asso.graie.org\/portail\/wp-content\/uploads\/2018\/03\/ISRIVERS_tiny-1024x534.jpg\" alt=\"I.S.Rivers logo\" class=\"wp-image-10282\" srcset=\"https:\/\/asso.graie.org\/portail\/wp-content\/uploads\/2018\/03\/ISRIVERS_tiny-1024x534.jpg 1024w, https:\/\/asso.graie.org\/portail\/wp-content\/uploads\/2018\/03\/ISRIVERS_tiny-300x156.jpg 300w, https:\/\/asso.graie.org\/portail\/wp-content\/uploads\/2018\/03\/ISRIVERS_tiny-768x400.jpg 768w, https:\/\/asso.graie.org\/portail\/wp-content\/uploads\/2018\/03\/ISRIVERS_tiny-1170x610.jpg 1170w, https:\/\/asso.graie.org\/portail\/wp-content\/uploads\/2018\/03\/ISRIVERS_tiny-600x313.jpg 600w, https:\/\/asso.graie.org\/portail\/wp-content\/uploads\/2018\/03\/ISRIVERS_tiny.jpg 1364w\" sizes=\"(max-width: 1024px) 100vw, 1024px\" \/><\/a><\/figure>\n<\/div>\n\n\n\n<div class=\"wp-block-column is-layout-flow wp-block-column-is-layout-flow\" style=\"flex-basis:66.66%\">\n<h2 class=\"wp-block-heading\"><a href=\"https:\/\/asso.graie.org\/portail\/conferences-internationales\/isrivers\/\">I.S.Rivers<\/a><\/h2>\n\n\n\n<p><strong>Conf\u00e9rence Internationale sur les recherches et actions au service des fleuves et grandes rivi\u00e8res du monde<\/strong>. La 5e \u00e9dition s&rsquo;est tenu du 30 au 4 juillet 2025 \u00e0 Lyon, avec quelques webinaires en avant-go\u00fbt en 2024.<\/p>\n<\/div>\n<\/div>\n\n\n\n<div style=\"height:40px\" aria-hidden=\"true\" class=\"wp-block-spacer\"><\/div>\n\n\n\n<div class=\"wp-block-columns is-layout-flex wp-container-6 wp-block-columns-is-layout-flex\">\n<div class=\"wp-block-column is-layout-flow wp-block-column-is-layout-flow\" style=\"flex-basis:33.33%\">\n<figure class=\"wp-block-image size-large is-resized\"><a href=\"https:\/\/asso.graie.org\/portail\/conferences-internationales\/novatech\/\"><img decoding=\"async\" loading=\"lazy\" width=\"1024\" height=\"777\" src=\"https:\/\/asso.graie.org\/portail\/wp-content\/uploads\/2022\/10\/Logo_Novatech23_RVB-1024x777.png\" alt=\"\" class=\"wp-image-21679\" style=\"width:195px;height:148px\" srcset=\"https:\/\/asso.graie.org\/portail\/wp-content\/uploads\/2022\/10\/Logo_Novatech23_RVB-1024x777.png 1024w, https:\/\/asso.graie.org\/portail\/wp-content\/uploads\/2022\/10\/Logo_Novatech23_RVB-300x228.png 300w, https:\/\/asso.graie.org\/portail\/wp-content\/uploads\/2022\/10\/Logo_Novatech23_RVB-768x583.png 768w, https:\/\/asso.graie.org\/portail\/wp-content\/uploads\/2022\/10\/Logo_Novatech23_RVB.png 1387w\" sizes=\"(max-width: 1024px) 100vw, 1024px\" \/><\/a><\/figure>\n<\/div>\n\n\n\n<div class=\"wp-block-column is-layout-flow wp-block-column-is-layout-flow\" style=\"flex-basis:66.66%\">\n<div style=\"height:18px\" aria-hidden=\"true\" class=\"wp-block-spacer\"><\/div>\n\n\n\n<h2 class=\"wp-block-heading\"><a href=\"https:\/\/asso.graie.org\/portail\/conferences-internationales\/novatech\/\">Novatech &#8211; L&rsquo;eau dans la ville<\/a><\/h2>\n\n\n\n<p><strong>Rencontre internationale sur les strat\u00e9gies et solutions pour une gestion durable de l&rsquo;eau dans la ville.<\/strong> La 12e \u00e9dition se tiendra du 29 juin au 2 juillet 2026, \u00e0 Lyon. <\/p>\n<\/div>\n<\/div>\n\n\n\n<div style=\"height:30px\" aria-hidden=\"true\" class=\"wp-block-spacer\"><\/div>\n\n\n\n<p><strong>Bon \u00e0 savoir :<\/strong> ces manifestations sont enti\u00e8rement bilingues. Le fran\u00e7ais et l&rsquo;anglais sont les deux langues officielles. La traduction simultan\u00e9e dans les deux sens est assur\u00e9e dans toutes les sessions et lors des visites techniques.<\/p>\n\n\n\n<div style=\"height:55px\" aria-hidden=\"true\" class=\"wp-block-spacer\"><\/div>\n\n\n\n<div class=\"wp-block-columns is-layout-flex wp-container-9 wp-block-columns-is-layout-flex\">\n<div class=\"wp-block-column is-layout-flow wp-block-column-is-layout-flow\" style=\"flex-basis:33.33%\">\n<figure class=\"wp-block-image size-large\"><a href=\"https:\/\/asso.graie.org\/portail\/conferences-internationales\/co-udlabs\/\"><img decoding=\"async\" loading=\"lazy\" width=\"1024\" height=\"1024\" src=\"https:\/\/asso.graie.org\/portail\/wp-content\/uploads\/2021\/06\/CoUDLabs-3-1024x1024.png\" alt=\"Co-UDlabs\" class=\"wp-image-17636\" srcset=\"https:\/\/asso.graie.org\/portail\/wp-content\/uploads\/2021\/06\/CoUDLabs-3-1024x1024.png 1024w, https:\/\/asso.graie.org\/portail\/wp-content\/uploads\/2021\/06\/CoUDLabs-3-300x300.png 300w, https:\/\/asso.graie.org\/portail\/wp-content\/uploads\/2021\/06\/CoUDLabs-3-150x150.png 150w, https:\/\/asso.graie.org\/portail\/wp-content\/uploads\/2021\/06\/CoUDLabs-3-768x768.png 768w, https:\/\/asso.graie.org\/portail\/wp-content\/uploads\/2021\/06\/CoUDLabs-3.png 1312w\" sizes=\"(max-width: 1024px) 100vw, 1024px\" \/><\/a><\/figure>\n<\/div>\n\n\n\n<div class=\"wp-block-column is-layout-flow wp-block-column-is-layout-flow\" style=\"flex-basis:66.66%\">\n<h2 class=\"wp-block-heading\"><a href=\"https:\/\/asso.graie.org\/portail\/conferences-internationales\/co-udlabs\/\">Projet Co-UDlabs<\/a><\/h2>\n\n\n\n<p>CO-UDlabs est un projet<em> Horizon 2020<\/em> rassemblant 9 partenaires europ\u00e9ens et dont l&rsquo;objectif global est d&rsquo;int\u00e9grer les activit\u00e9s de recherche et d&rsquo;innovation dans le domaine des syst\u00e8mes de drainage urbain (SDU) afin de r\u00e9pondre aux d\u00e9fis urgents en mati\u00e8re de sant\u00e9 publique, de risques d&rsquo;inondation et d&rsquo;environnement.<\/p>\n<\/div>\n<\/div>\n\n\n\n<div style=\"height:30px\" aria-hidden=\"true\" class=\"wp-block-spacer\"><\/div>\n\n\n\n<div class=\"wp-block-columns is-layout-flex wp-container-12 wp-block-columns-is-layout-flex\">\n<div class=\"wp-block-column is-layout-flow wp-block-column-is-layout-flow\">\n<div style=\"height:50px\" aria-hidden=\"true\" class=\"wp-block-spacer\"><\/div>\n\n\n\n<figure class=\"wp-block-image size-large\"><a href=\"https:\/\/asso.graie.org\/portail\/interreg-nwe-resiriver\/ \"><img decoding=\"async\" loading=\"lazy\" width=\"1024\" height=\"388\" src=\"https:\/\/asso.graie.org\/portail\/wp-content\/uploads\/2023\/07\/Logo-for-project_ResiRiver-1024x388.jpg\" alt=\"\" class=\"wp-image-23598\" srcset=\"https:\/\/asso.graie.org\/portail\/wp-content\/uploads\/2023\/07\/Logo-for-project_ResiRiver-1024x388.jpg 1024w, https:\/\/asso.graie.org\/portail\/wp-content\/uploads\/2023\/07\/Logo-for-project_ResiRiver-300x114.jpg 300w, https:\/\/asso.graie.org\/portail\/wp-content\/uploads\/2023\/07\/Logo-for-project_ResiRiver-768x291.jpg 768w, https:\/\/asso.graie.org\/portail\/wp-content\/uploads\/2023\/07\/Logo-for-project_ResiRiver.jpg 1293w\" sizes=\"(max-width: 1024px) 100vw, 1024px\" \/><\/a><\/figure>\n<\/div>\n\n\n\n<div class=\"wp-block-column is-layout-flow wp-block-column-is-layout-flow\">\n<h2 class=\"wp-block-heading\"><a href=\"https:\/\/asso.graie.org\/portail\/interreg-nwe-resiriver\/\">ResiRiver<\/a><\/h2>\n\n\n\n<p>Le Graie et l\u2019OHM Vall\u00e9e du Rh\u00f4ne participent pour les 5 ann\u00e9es \u00e0 venir au projet Interreg North-West Europe \u00ab&nbsp;ResiRiver \u2013 Creating Resilient River Systems by Mainstreaming and Upscalling Nature Based Solutions&nbsp;(2023-2028)&nbsp;\u00bb.<\/p>\n<\/div>\n<\/div>\n","protected":false},"excerpt":{"rendered":"<p>Une ouverture sur le monde Le Graie, tr\u00e8s dynamique au niveau r\u00e9gional, est aussi soucieux d\u2019ouvrir son r\u00e9seau aux probl\u00e9matiques mondiales li\u00e9es \u00e0 l\u2019eau. C\u2019est pourquoi il est partenaire du projet europ\u00e9en Co-UDlabs et organise depuis longtemps deux conf\u00e9rences internationales &hellip;<\/p>\n","protected":false},"author":1,"featured_media":0,"parent":0,"menu_order":0,"comment_status":"closed","ping_status":"closed","template":"","meta":{"_mi_skip_tracking":false,"footnotes":""},"acf":[],"yoast_head":"<!-- This site is optimized with the Yoast SEO plugin v19.13 - https:\/\/yoast.com\/wordpress\/plugins\/seo\/ -->\n<title>Le Graie \u00e0 l&#039;international | 2 conf\u00e9rences &amp; Co-UDlabs | Graie<\/title>\n<meta name=\"description\" content=\"Le Graie participe au projet Co-UDlabs et organise deux conf\u00e9rences internationales triennales afin d\u2019ouvrir son r\u00e9seau aux probl\u00e9matiques mondiales li\u00e9es \u00e0 l\u2019eau.\" \/>\n<meta name=\"robots\" content=\"index, follow, max-snippet:-1, max-image-preview:large, max-video-preview:-1\" \/>\n<link rel=\"canonical\" href=\"https:\/\/asso.graie.org\/portail\/conferences-internationales\/\" \/>\n<meta property=\"og:locale\" content=\"fr_FR\" \/>\n<meta property=\"og:type\" content=\"article\" \/>\n<meta property=\"og:title\" content=\"Le Graie \u00e0 l&#039;international | 2 conf\u00e9rences &amp; Co-UDlabs | Graie\" \/>\n<meta property=\"og:description\" content=\"Le Graie participe au projet Co-UDlabs et organise deux conf\u00e9rences internationales triennales afin d\u2019ouvrir son r\u00e9seau aux probl\u00e9matiques mondiales li\u00e9es \u00e0 l\u2019eau.\" \/>\n<meta property=\"og:url\" content=\"https:\/\/asso.graie.org\/portail\/conferences-internationales\/\" \/>\n<meta property=\"og:site_name\" content=\"Graie\" \/>\n<meta property=\"article:modified_time\" content=\"2025-04-03T14:35:36+00:00\" \/>\n<meta property=\"og:image\" content=\"https:\/\/asso.graie.org\/portail\/wp-content\/uploads\/2022\/10\/drapeau-Eng-1.png\" \/>\n<meta name=\"twitter:card\" content=\"summary_large_image\" \/>\n<meta name=\"twitter:site\" content=\"@asso_graie\" \/>\n<meta name=\"twitter:label1\" content=\"Dur\u00e9e de lecture estim\u00e9e\" \/>\n\t<meta name=\"twitter:data1\" content=\"3 minutes\" \/>\n<script type=\"application\/ld+json\" class=\"yoast-schema-graph\">{\"@context\":\"https:\/\/schema.org\",\"@graph\":[{\"@type\":\"WebPage\",\"@id\":\"https:\/\/asso.graie.org\/portail\/conferences-internationales\/\",\"url\":\"https:\/\/asso.graie.org\/portail\/conferences-internationales\/\",\"name\":\"Le Graie \u00e0 l'international | 2 conf\u00e9rences & Co-UDlabs | Graie\",\"isPartOf\":{\"@id\":\"https:\/\/asso.graie.org\/portail\/#website\"},\"datePublished\":\"2017-09-06T15:02:19+00:00\",\"dateModified\":\"2025-04-03T14:35:36+00:00\",\"description\":\"Le Graie participe au projet Co-UDlabs et organise deux conf\u00e9rences internationales triennales afin d\u2019ouvrir son r\u00e9seau aux probl\u00e9matiques mondiales li\u00e9es \u00e0 l\u2019eau.\",\"breadcrumb\":{\"@id\":\"https:\/\/asso.graie.org\/portail\/conferences-internationales\/#breadcrumb\"},\"inLanguage\":\"fr-FR\",\"potentialAction\":[{\"@type\":\"ReadAction\",\"target\":[\"https:\/\/asso.graie.org\/portail\/conferences-internationales\/\"]}]},{\"@type\":\"BreadcrumbList\",\"@id\":\"https:\/\/asso.graie.org\/portail\/conferences-internationales\/#breadcrumb\",\"itemListElement\":[{\"@type\":\"ListItem\",\"position\":1,\"name\":\"Accueil\",\"item\":\"https:\/\/asso.graie.org\/portail\/\"},{\"@type\":\"ListItem\",\"position\":2,\"name\":\"Le Graie \u00e0 l&rsquo;international\"}]},{\"@type\":\"WebSite\",\"@id\":\"https:\/\/asso.graie.org\/portail\/#website\",\"url\":\"https:\/\/asso.graie.org\/portail\/\",\"name\":\"Graie\",\"description\":\"P\u00f4le Eau et Territoires\",\"publisher\":{\"@id\":\"https:\/\/asso.graie.org\/portail\/#organization\"},\"potentialAction\":[{\"@type\":\"SearchAction\",\"target\":{\"@type\":\"EntryPoint\",\"urlTemplate\":\"https:\/\/asso.graie.org\/portail\/?s={search_term_string}\"},\"query-input\":\"required name=search_term_string\"}],\"inLanguage\":\"fr-FR\"},{\"@type\":\"Organization\",\"@id\":\"https:\/\/asso.graie.org\/portail\/#organization\",\"name\":\"Le Graie\",\"url\":\"https:\/\/asso.graie.org\/portail\/\",\"logo\":{\"@type\":\"ImageObject\",\"inLanguage\":\"fr-FR\",\"@id\":\"https:\/\/asso.graie.org\/portail\/#\/schema\/logo\/image\/\",\"url\":\"https:\/\/asso.graie.org\/portail\/wp-content\/uploads\/2021\/12\/Logotype-Graie.png\",\"contentUrl\":\"https:\/\/asso.graie.org\/portail\/wp-content\/uploads\/2021\/12\/Logotype-Graie.png\",\"width\":1890,\"height\":1181,\"caption\":\"Le Graie\"},\"image\":{\"@id\":\"https:\/\/asso.graie.org\/portail\/#\/schema\/logo\/image\/\"},\"sameAs\":[\"https:\/\/fr.linkedin.com\/company\/graie?trk=top_nav_home\",\"https:\/\/www.youtube.com\/channel\/UCZQk0Tt7upYwERYNdDIZqLQ\",\"https:\/\/twitter.com\/asso_graie\"]}]}<\/script>\n<!-- \/ Yoast SEO plugin. -->","yoast_head_json":{"title":"Le Graie \u00e0 l'international | 2 conf\u00e9rences & Co-UDlabs | Graie","description":"Le Graie participe au projet Co-UDlabs et organise deux conf\u00e9rences internationales triennales afin d\u2019ouvrir son r\u00e9seau aux probl\u00e9matiques mondiales li\u00e9es \u00e0 l\u2019eau.","robots":{"index":"index","follow":"follow","max-snippet":"max-snippet:-1","max-image-preview":"max-image-preview:large","max-video-preview":"max-video-preview:-1"},"canonical":"https:\/\/asso.graie.org\/portail\/conferences-internationales\/","og_locale":"fr_FR","og_type":"article","og_title":"Le Graie \u00e0 l'international | 2 conf\u00e9rences & Co-UDlabs | Graie","og_description":"Le Graie participe au projet Co-UDlabs et organise deux conf\u00e9rences internationales triennales afin d\u2019ouvrir son r\u00e9seau aux probl\u00e9matiques mondiales li\u00e9es \u00e0 l\u2019eau.","og_url":"https:\/\/asso.graie.org\/portail\/conferences-internationales\/","og_site_name":"Graie","article_modified_time":"2025-04-03T14:35:36+00:00","og_image":[{"url":"https:\/\/asso.graie.org\/portail\/wp-content\/uploads\/2022\/10\/drapeau-Eng-1.png"}],"twitter_card":"summary_large_image","twitter_site":"@asso_graie","twitter_misc":{"Dur\u00e9e de lecture estim\u00e9e":"3 minutes"},"schema":{"@context":"https:\/\/schema.org","@graph":[{"@type":"WebPage","@id":"https:\/\/asso.graie.org\/portail\/conferences-internationales\/","url":"https:\/\/asso.graie.org\/portail\/conferences-internationales\/","name":"Le Graie \u00e0 l'international | 2 conf\u00e9rences & Co-UDlabs | Graie","isPartOf":{"@id":"https:\/\/asso.graie.org\/portail\/#website"},"datePublished":"2017-09-06T15:02:19+00:00","dateModified":"2025-04-03T14:35:36+00:00","description":"Le Graie participe au projet Co-UDlabs et organise deux conf\u00e9rences internationales triennales afin d\u2019ouvrir son r\u00e9seau aux probl\u00e9matiques mondiales li\u00e9es \u00e0 l\u2019eau.","breadcrumb":{"@id":"https:\/\/asso.graie.org\/portail\/conferences-internationales\/#breadcrumb"},"inLanguage":"fr-FR","potentialAction":[{"@type":"ReadAction","target":["https:\/\/asso.graie.org\/portail\/conferences-internationales\/"]}]},{"@type":"BreadcrumbList","@id":"https:\/\/asso.graie.org\/portail\/conferences-internationales\/#breadcrumb","itemListElement":[{"@type":"ListItem","position":1,"name":"Accueil","item":"https:\/\/asso.graie.org\/portail\/"},{"@type":"ListItem","position":2,"name":"Le Graie \u00e0 l&rsquo;international"}]},{"@type":"WebSite","@id":"https:\/\/asso.graie.org\/portail\/#website","url":"https:\/\/asso.graie.org\/portail\/","name":"Graie","description":"P\u00f4le Eau et Territoires","publisher":{"@id":"https:\/\/asso.graie.org\/portail\/#organization"},"potentialAction":[{"@type":"SearchAction","target":{"@type":"EntryPoint","urlTemplate":"https:\/\/asso.graie.org\/portail\/?s={search_term_string}"},"query-input":"required name=search_term_string"}],"inLanguage":"fr-FR"},{"@type":"Organization","@id":"https:\/\/asso.graie.org\/portail\/#organization","name":"Le Graie","url":"https:\/\/asso.graie.org\/portail\/","logo":{"@type":"ImageObject","inLanguage":"fr-FR","@id":"https:\/\/asso.graie.org\/portail\/#\/schema\/logo\/image\/","url":"https:\/\/asso.graie.org\/portail\/wp-content\/uploads\/2021\/12\/Logotype-Graie.png","contentUrl":"https:\/\/asso.graie.org\/portail\/wp-content\/uploads\/2021\/12\/Logotype-Graie.png","width":1890,"height":1181,"caption":"Le Graie"},"image":{"@id":"https:\/\/asso.graie.org\/portail\/#\/schema\/logo\/image\/"},"sameAs":["https:\/\/fr.linkedin.com\/company\/graie?trk=top_nav_home","https:\/\/www.youtube.com\/channel\/UCZQk0Tt7upYwERYNdDIZqLQ","https:\/\/twitter.com\/asso_graie"]}]}},"_links":{"self":[{"href":"https:\/\/asso.graie.org\/portail\/wp-json\/wp\/v2\/pages\/1100"}],"collection":[{"href":"https:\/\/asso.graie.org\/portail\/wp-json\/wp\/v2\/pages"}],"about":[{"href":"https:\/\/asso.graie.org\/portail\/wp-json\/wp\/v2\/types\/page"}],"author":[{"embeddable":true,"href":"https:\/\/asso.graie.org\/portail\/wp-json\/wp\/v2\/users\/1"}],"replies":[{"embeddable":true,"href":"https:\/\/asso.graie.org\/portail\/wp-json\/wp\/v2\/comments?post=1100"}],"version-history":[{"count":39,"href":"https:\/\/asso.graie.org\/portail\/wp-json\/wp\/v2\/pages\/1100\/revisions"}],"predecessor-version":[{"id":27745,"href":"https:\/\/asso.graie.org\/portail\/wp-json\/wp\/v2\/pages\/1100\/revisions\/27745"}],"wp:attachment":[{"href":"https:\/\/asso.graie.org\/portail\/wp-json\/wp\/v2\/media?parent=1100"}],"curies":[{"name":"wp","href":"https:\/\/api.w.org\/{rel}","templated":true}]}}