{"id":1197,"date":"2017-06-30T09:01:33","date_gmt":"2017-06-30T07:01:33","guid":{"rendered":"https:\/\/asso.graie.org\/portail\/?page_id=1197"},"modified":"2024-08-27T13:44:27","modified_gmt":"2024-08-27T11:44:27","slug":"eau-et-sante","status":"publish","type":"page","link":"https:\/\/asso.graie.org\/portail\/thematiques\/eau-et-sante\/","title":{"rendered":"Eau et sant\u00e9"},"content":{"rendered":"\n<div style=\"height:39px\" aria-hidden=\"true\" class=\"wp-block-spacer\"><\/div>\n\n\n\n<h3 class=\"wp-block-heading has-text-align-center\"><a href=\"https:\/\/asso.graie.org\/portail\/thematiques\/eau-et-sante\/stations-epuration\/\">STATIONS D&rsquo;\u00c9PURATION<\/a>&nbsp; |&nbsp; <a href=\"https:\/\/asso.graie.org\/portail\/thematiques\/eau-et-sante\/effluents-non-domestiques\/\">EFFLUENTS NON DOMESTIQUES<\/a>&nbsp; |&nbsp; <a href=\"\/portail\/thematiques\/eau-et-sante\/assainissement-non-collectif\/\">ANC<\/a><\/h3>\n\n\n\n<div style=\"height:39px\" aria-hidden=\"true\" class=\"wp-block-spacer\"><\/div>\n\n\n\n<h2 class=\"wp-block-heading\"><strong>Mieux int\u00e9grer les risques pour la sant\u00e9 dans la gestion de l&rsquo;eau et de l&rsquo;assainissement<\/strong><\/h2>\n\n\n\n<div style=\"height:21px\" aria-hidden=\"true\" class=\"wp-block-spacer\"><\/div>\n\n\n\n<p><strong>La caract\u00e9risation et la ma\u00eetrise des micropolluants dans l&rsquo;eau est une probl\u00e9matique \u00e9mergente forte, tant au plan scientifique qu&rsquo;en termes de politiques publiques.<\/strong><\/p>\n\n\n\n<p>Le Graie anime depuis 2010 l&rsquo;observatoire <a href=\"https:\/\/asso.graie.org\/portail\/dispositifsderecherche\/sipibel\/\">SIPIBEL \u2011&nbsp;site pilote de Bellecombe &nbsp;\u2011 <\/a>sur la caract\u00e9risation des effluents hospitaliers et urbains, leur impact sur le milieu et les leviers d&rsquo;actions.<\/p>\n\n\n\n<p>SIPIBEL est port\u00e9 en partenariat avec les acteurs du territoire, les scientifiques et les pouvoirs publics. Il est le support de plusieurs programmes d\u2019envergure dont le projet RISMEAU (2018-2023), ainsi que d&rsquo;une exp\u00e9rimentation sur la sensibilisation et l&rsquo;animation territoriale MediATeS sur les m\u00e9dicaments dans l\u2019eau.<\/p>\n\n\n\n<div style=\"height:21px\" aria-hidden=\"true\" class=\"wp-block-spacer\"><\/div>\n\n\n\n<p>La th\u00e9matique Eau et Sant\u00e9 est \u00e9galement abord\u00e9e dans plusieurs groupes de travail anim\u00e9s par le Graie sur<\/p>\n\n\n\n<ul>\n<li><a href=\"https:\/\/asso.graie.org\/portail\/animationregionale\/gt-stations-epuration\/\">l&rsquo;exploitation des stations d&rsquo;\u00e9puration,<\/a><\/li>\n\n\n\n<li><a href=\"https:\/\/asso.graie.org\/portail\/animationregionale\/gt-effluents-non-domestiques\/\">la gestion des effluents non domestiques<\/a>.<\/li>\n<\/ul>\n\n\n\n<p>Ces groupes produisent des outils, guides ou fiches techniques et sont porteurs de conf\u00e9rences th\u00e9matiques.<\/p>\n\n\n\n<div style=\"height:21px\" aria-hidden=\"true\" class=\"wp-block-spacer\"><\/div>\n\n\n\n<p>Le Graie organise le cycle des conf\u00e9rences \u00ab\u00a0Eau et Sant\u00e9\u00a0\u00bb en partenariat avec l&rsquo;ASTEE et la M\u00e9tropole de Lyon, avec un \u00e9v\u00e8nement tous les 2 ans qui permet d&rsquo;\u00e9largir l&rsquo;approche, par exemple \u00e0 la question des moustiques, de la cha\u00eene trophique ou des \u00eelots de chaleur urbains en lien avec la gestion de l&rsquo;eau.<\/p>\n\n\n\n<div style=\"height:21px\" aria-hidden=\"true\" class=\"wp-block-spacer\"><\/div>\n\n\n\n<p>Les contributions du Graie sur la th\u00e9matique Eau et sant\u00e9 sont aussi valoris\u00e9es dans la mise en \u0153uvre de politiques publiques, locales et nationales et notamment dans le plan national Micropolluants.<\/p>\n\n\n\n<div style=\"height:36px\" aria-hidden=\"true\" class=\"wp-block-spacer\"><\/div>\n\n\n\n<hr class=\"wp-block-separator has-css-opacity\"\/>\n\n\n\n<div style=\"height:36px\" aria-hidden=\"true\" class=\"wp-block-spacer\"><\/div>\n\n\n\n<h2 class=\"wp-block-heading\">Nos derni\u00e8res productions et documents de r\u00e9f\u00e9rence<\/h2>\n\n\n\n<div style=\"height:36px\" aria-hidden=\"true\" class=\"wp-block-spacer\"><\/div>\n\n\n\n<p>&gt; Le <strong><a href=\"https:\/\/asso.graie.org\/portail\/outils-references-gestion-micropolluants\/\">catalogue Eau &amp; Sant\u00e9 (micropolluants dans l&rsquo;eau)<\/a><\/strong><\/p>\n\n\n\n<div style=\"height:13px\" aria-hidden=\"true\" class=\"wp-block-spacer\"><\/div>\n\n\n\n<p>&gt; Tous les <strong><a href=\"https:\/\/asso.graie.org\/portail\/actes-syntheses-conferences-eau-et-sante\/\">actes et synth\u00e8ses des Conf\u00e9rences Eau et Sant\u00e9<\/a><\/strong><\/p>\n\n\n\n<div style=\"height:13px\" aria-hidden=\"true\" class=\"wp-block-spacer\"><\/div>\n\n\n\n<p>&gt; Pharma Aqua 2022 : <strong><a href=\"https:\/\/drive.google.com\/file\/d\/1CfapF0daTPyjp9zuGCsxVP7D98jd-Zzb\/view\" class=\"broken_link\">Contamination des milieux aquatiques par les substances pharmaceutiques : impacts sur l\u2019environnement et risques sur la sant\u00e9<\/a><\/strong>.<\/p>\n\n\n\n<div style=\"height:13px\" aria-hidden=\"true\" class=\"wp-block-spacer\"><\/div>\n\n\n\n<div style=\"height:13px\" aria-hidden=\"true\" class=\"wp-block-spacer\"><\/div>\n\n\n\n<p><a href=\"http:\/\/www.medicamentsdansleau.org\" target=\"_blank\" rel=\"noopener noreferrer\">&gt; <strong>medicamentsdansleau.org&nbsp;<\/strong>:<\/a> site d\u2019information et de sensibilisation en appui sur SIPIBEL<br>Vid\u00e9os dessin\u00e9es et ressources p\u00e9dagogiques, 2017<\/p>\n\n\n\n<div style=\"height:13px\" aria-hidden=\"true\" class=\"wp-block-spacer\"><\/div>\n\n\n\n<div style=\"height:13px\" aria-hidden=\"true\" class=\"wp-block-spacer\"><\/div>\n\n\n\n<p><a href=\"http:\/\/www.graie.org\/Sipibel\/publications\/sipibel-synthese-effluentshospitaliersmedicaments-oct16.pdf\" target=\"_blank\" rel=\"noopener noreferrer\">&gt; <strong>Synth\u00e8se des r\u00e9sultats SIPIBEL 2011-2015<\/strong> <\/a>octobre 2016 (20p.)<\/p>\n\n\n\n<div style=\"height:13px\" aria-hidden=\"true\" class=\"wp-block-spacer\"><\/div>\n\n\n\n<div style=\"height:13px\" aria-hidden=\"true\" class=\"wp-block-spacer\"><\/div>\n\n\n\n<div style=\"height:13px\" aria-hidden=\"true\" class=\"wp-block-spacer\"><\/div>\n\n\n\n<div style=\"height:36px\" aria-hidden=\"true\" class=\"wp-block-spacer\"><\/div>\n\n\n\n<hr class=\"wp-block-separator has-css-opacity\"\/>\n\n\n\n<div style=\"height:36px\" aria-hidden=\"true\" class=\"wp-block-spacer\"><\/div>\n\n\n\n<h2 class=\"wp-block-heading\">Autres ressources<\/h2>\n\n\n\n<div style=\"height:16px\" aria-hidden=\"true\" class=\"wp-block-spacer\"><\/div>\n\n\n\n<h3 class=\"wp-block-heading\">Liens utiles<\/h3>\n\n\n\n<p><strong>Programmes et projets de recherche :<\/strong> <a href=\"http:\/\/www.sipibel.org\" target=\"_blank\" rel=\"noopener noreferrer\">SIPIBEL<\/a> (sur les effluents hospitaliers et stations d&rsquo;\u00e9puration urbaines), <a href=\"http:\/\/armistiq.irstea.fr\/\" target=\"_blank\" rel=\"noopener noreferrer\" class=\"broken_link\">ARMISTIQ<\/a> et <a href=\"http:\/\/echibioteb.irstea.fr\/\" target=\"_blank\" rel=\"noopener noreferrer\" class=\"broken_link\">ECHIBIOTEB<\/a> (traitement des micropolluants), <a href=\"https:\/\/professionnels.ofb.fr\/fr\/node\/15\" target=\"_blank\" rel=\"noopener noreferrer\">l\u2019Appel \u00e0 projets national \u00ab&nbsp;Micropolluants&nbsp;\u00bb<\/a> (OFB, Agences de l\u2019eau, Minist\u00e8re de l\u2019Environnement)&#8230;<\/p>\n\n\n\n<p><strong>Plans nationaux<\/strong> : <a href=\"https:\/\/www.ecologie.gouv.fr\/sites\/default\/files\/210526_PNSE%202021_BAT2.pdf\" target=\"_blank\" rel=\"noopener noreferrer\">PNSE4<\/a> (4\u00e8me Plan National Sant\u00e9 environnement -2021-2025), <a href=\"https:\/\/biodiversitetousvivants.fr\/le-plan-biodiversite-pour-la-france-metropolitaine-et-loutre-mer\">Plan national Biodiversit\u00e9<\/a> (2018), <a href=\"https:\/\/www.ecologie.gouv.fr\/sites\/default\/files\/publications\/Synth%C3%A8se%20du%20plan%20micropolluants%20pour%20pr%C3%A9server%20la%20qualit%C3%A9%20des%20eaux%20et%20de%20la%20biodiversit%C3%A9%2016211.pdf\" target=\"_blank\" rel=\"noopener noreferrer\">Plan National Micropolluants<\/a> (2016-2021),&nbsp; <a href=\"https:\/\/www.actu-environnement.com\/media\/pdf\/news-28848-plan-ecoantibio-2.pdf\" target=\"_blank\" rel=\"noopener noreferrer\">Plan Ecocantibio 2 2017-2021<\/a> (plan national de r\u00e9duction des risques d&rsquo;antibior\u00e9sistance en m\u00e9decine v\u00e9t\u00e9rinaire), <a href=\"https:\/\/solidarites-sante.gouv.fr\/IMG\/pdf\/feuille_de_route_antibioresistance_nov_2016.pdf\">la feuille de route interminist\u00e9rielle de ma\u00eetrise de l&rsquo;antibior\u00e9sistance<\/a> (2016)<\/p>\n\n\n\n<div style=\"height:18px\" aria-hidden=\"true\" class=\"wp-block-spacer\"><\/div>\n\n\n\n<h3 class=\"wp-block-heading\">Bibliographie<\/h3>\n\n\n\n<p><a href=\"https:\/\/solidarites-sante.gouv.fr\/IMG\/pdf\/pour_une_bonne_gestion_des_dechets_produits_par_les_etablissements_de_sante_et_medico-sociaux.pdf\" target=\"_blank\" rel=\"noopener noreferrer\">&gt; Guide pratique : pour une bonne gestion des d\u00e9chets produits par les \u00e9tablissements de sant\u00e9 et m\u00e9dico-sociaux<\/a><br>Minist\u00e8re des Affaires Sociales et de la Sant\u00e9, 2016<\/p>\n\n\n\n<p><a href=\"https:\/\/www.ecologie.gouv.fr\/sites\/default\/files\/publications\/Th%C3%A9ma%20-%20Antibior%C3%A9sistance%20et%20environnement.pdf\" target=\"_blank\" rel=\"noopener noreferrer\">&gt; Dossier THEMA \u00ab\u00a0Antibior\u00e9sistance et environnement\u00a0\u00bb<\/a><br>Commissariat g\u00e9n\u00e9ral au d\u00e9veloppement durable, f\u00e9vrier 2017, 4 pages<\/p>\n\n\n\n<p><a class=\"plus\" href=\"https:\/\/asso.graie.org\/portail\/resultat-de-recherche-detaillee\/?_sfm_source2=sources_externes&amp;_sfm_categorie_prod=eau_et_sante\" target=\"_blank\" rel=\"noopener noreferrer\">Tous les liens utiles et toute la bibliographie<\/a><\/p>\n","protected":false},"excerpt":{"rendered":"<p>STATIONS D&rsquo;\u00c9PURATION&nbsp; |&nbsp; EFFLUENTS NON DOMESTIQUES&nbsp; |&nbsp; ANC Mieux int\u00e9grer les risques pour la sant\u00e9 dans la gestion de l&rsquo;eau et de l&rsquo;assainissement La caract\u00e9risation et la ma\u00eetrise des micropolluants dans l&rsquo;eau est une probl\u00e9matique \u00e9mergente forte, tant au plan &hellip;<\/p>\n","protected":false},"author":1,"featured_media":0,"parent":1092,"menu_order":0,"comment_status":"closed","ping_status":"closed","template":"","meta":{"_mi_skip_tracking":false,"footnotes":""},"acf":[],"yoast_head":"<!-- This site is optimized with the Yoast SEO plugin v19.13 - https:\/\/yoast.com\/wordpress\/plugins\/seo\/ -->\n<title>Eau et sant\u00e9 | Th\u00e9matique phare | Le Graie<\/title>\n<meta name=\"description\" content=\"A travers la th\u00e9matique Eau et Sant\u00e9, le Graie souhaite encourager une meilleure int\u00e9gration des risques pour la sant\u00e9 dans la gestion de l&#039;eau.\" \/>\n<meta name=\"robots\" content=\"index, follow, max-snippet:-1, max-image-preview:large, max-video-preview:-1\" \/>\n<link rel=\"canonical\" href=\"https:\/\/asso.graie.org\/portail\/thematiques\/eau-et-sante\/\" \/>\n<meta property=\"og:locale\" content=\"fr_FR\" \/>\n<meta property=\"og:type\" content=\"article\" \/>\n<meta property=\"og:title\" content=\"Eau et sant\u00e9 | Th\u00e9matique phare | Le Graie\" \/>\n<meta property=\"og:description\" content=\"A travers la th\u00e9matique Eau et Sant\u00e9, le Graie souhaite encourager une meilleure int\u00e9gration des risques pour la sant\u00e9 dans la gestion de l&#039;eau.\" \/>\n<meta property=\"og:url\" content=\"https:\/\/asso.graie.org\/portail\/thematiques\/eau-et-sante\/\" \/>\n<meta property=\"og:site_name\" content=\"Graie\" \/>\n<meta property=\"article:modified_time\" content=\"2024-08-27T11:44:27+00:00\" \/>\n<meta name=\"twitter:card\" content=\"summary_large_image\" \/>\n<meta name=\"twitter:site\" content=\"@asso_graie\" \/>\n<meta name=\"twitter:label1\" content=\"Dur\u00e9e de lecture estim\u00e9e\" \/>\n\t<meta name=\"twitter:data1\" content=\"3 minutes\" \/>\n<script type=\"application\/ld+json\" class=\"yoast-schema-graph\">{\"@context\":\"https:\/\/schema.org\",\"@graph\":[{\"@type\":\"WebPage\",\"@id\":\"https:\/\/asso.graie.org\/portail\/thematiques\/eau-et-sante\/\",\"url\":\"https:\/\/asso.graie.org\/portail\/thematiques\/eau-et-sante\/\",\"name\":\"Eau et sant\u00e9 | Th\u00e9matique phare | Le Graie\",\"isPartOf\":{\"@id\":\"https:\/\/asso.graie.org\/portail\/#website\"},\"datePublished\":\"2017-06-30T07:01:33+00:00\",\"dateModified\":\"2024-08-27T11:44:27+00:00\",\"description\":\"A travers la th\u00e9matique Eau et Sant\u00e9, le Graie souhaite encourager une meilleure int\u00e9gration des risques pour la sant\u00e9 dans la gestion de l'eau.\",\"breadcrumb\":{\"@id\":\"https:\/\/asso.graie.org\/portail\/thematiques\/eau-et-sante\/#breadcrumb\"},\"inLanguage\":\"fr-FR\",\"potentialAction\":[{\"@type\":\"ReadAction\",\"target\":[\"https:\/\/asso.graie.org\/portail\/thematiques\/eau-et-sante\/\"]}]},{\"@type\":\"BreadcrumbList\",\"@id\":\"https:\/\/asso.graie.org\/portail\/thematiques\/eau-et-sante\/#breadcrumb\",\"itemListElement\":[{\"@type\":\"ListItem\",\"position\":1,\"name\":\"Accueil\",\"item\":\"https:\/\/asso.graie.org\/portail\/\"},{\"@type\":\"ListItem\",\"position\":2,\"name\":\"Th\u00e9matiques\",\"item\":\"https:\/\/asso.graie.org\/portail\/thematiques\/\"},{\"@type\":\"ListItem\",\"position\":3,\"name\":\"Eau et sant\u00e9\"}]},{\"@type\":\"WebSite\",\"@id\":\"https:\/\/asso.graie.org\/portail\/#website\",\"url\":\"https:\/\/asso.graie.org\/portail\/\",\"name\":\"Graie\",\"description\":\"P\u00f4le Eau et Territoires\",\"publisher\":{\"@id\":\"https:\/\/asso.graie.org\/portail\/#organization\"},\"potentialAction\":[{\"@type\":\"SearchAction\",\"target\":{\"@type\":\"EntryPoint\",\"urlTemplate\":\"https:\/\/asso.graie.org\/portail\/?s={search_term_string}\"},\"query-input\":\"required name=search_term_string\"}],\"inLanguage\":\"fr-FR\"},{\"@type\":\"Organization\",\"@id\":\"https:\/\/asso.graie.org\/portail\/#organization\",\"name\":\"Le Graie\",\"url\":\"https:\/\/asso.graie.org\/portail\/\",\"logo\":{\"@type\":\"ImageObject\",\"inLanguage\":\"fr-FR\",\"@id\":\"https:\/\/asso.graie.org\/portail\/#\/schema\/logo\/image\/\",\"url\":\"https:\/\/asso.graie.org\/portail\/wp-content\/uploads\/2021\/12\/Logotype-Graie.png\",\"contentUrl\":\"https:\/\/asso.graie.org\/portail\/wp-content\/uploads\/2021\/12\/Logotype-Graie.png\",\"width\":1890,\"height\":1181,\"caption\":\"Le Graie\"},\"image\":{\"@id\":\"https:\/\/asso.graie.org\/portail\/#\/schema\/logo\/image\/\"},\"sameAs\":[\"https:\/\/fr.linkedin.com\/company\/graie?trk=top_nav_home\",\"https:\/\/www.youtube.com\/channel\/UCZQk0Tt7upYwERYNdDIZqLQ\",\"https:\/\/twitter.com\/asso_graie\"]}]}<\/script>\n<!-- \/ Yoast SEO plugin. -->","yoast_head_json":{"title":"Eau et sant\u00e9 | Th\u00e9matique phare | Le Graie","description":"A travers la th\u00e9matique Eau et Sant\u00e9, le Graie souhaite encourager une meilleure int\u00e9gration des risques pour la sant\u00e9 dans la gestion de l'eau.","robots":{"index":"index","follow":"follow","max-snippet":"max-snippet:-1","max-image-preview":"max-image-preview:large","max-video-preview":"max-video-preview:-1"},"canonical":"https:\/\/asso.graie.org\/portail\/thematiques\/eau-et-sante\/","og_locale":"fr_FR","og_type":"article","og_title":"Eau et sant\u00e9 | Th\u00e9matique phare | Le Graie","og_description":"A travers la th\u00e9matique Eau et Sant\u00e9, le Graie souhaite encourager une meilleure int\u00e9gration des risques pour la sant\u00e9 dans la gestion de l'eau.","og_url":"https:\/\/asso.graie.org\/portail\/thematiques\/eau-et-sante\/","og_site_name":"Graie","article_modified_time":"2024-08-27T11:44:27+00:00","twitter_card":"summary_large_image","twitter_site":"@asso_graie","twitter_misc":{"Dur\u00e9e de lecture estim\u00e9e":"3 minutes"},"schema":{"@context":"https:\/\/schema.org","@graph":[{"@type":"WebPage","@id":"https:\/\/asso.graie.org\/portail\/thematiques\/eau-et-sante\/","url":"https:\/\/asso.graie.org\/portail\/thematiques\/eau-et-sante\/","name":"Eau et sant\u00e9 | Th\u00e9matique phare | Le Graie","isPartOf":{"@id":"https:\/\/asso.graie.org\/portail\/#website"},"datePublished":"2017-06-30T07:01:33+00:00","dateModified":"2024-08-27T11:44:27+00:00","description":"A travers la th\u00e9matique Eau et Sant\u00e9, le Graie souhaite encourager une meilleure int\u00e9gration des risques pour la sant\u00e9 dans la gestion de l'eau.","breadcrumb":{"@id":"https:\/\/asso.graie.org\/portail\/thematiques\/eau-et-sante\/#breadcrumb"},"inLanguage":"fr-FR","potentialAction":[{"@type":"ReadAction","target":["https:\/\/asso.graie.org\/portail\/thematiques\/eau-et-sante\/"]}]},{"@type":"BreadcrumbList","@id":"https:\/\/asso.graie.org\/portail\/thematiques\/eau-et-sante\/#breadcrumb","itemListElement":[{"@type":"ListItem","position":1,"name":"Accueil","item":"https:\/\/asso.graie.org\/portail\/"},{"@type":"ListItem","position":2,"name":"Th\u00e9matiques","item":"https:\/\/asso.graie.org\/portail\/thematiques\/"},{"@type":"ListItem","position":3,"name":"Eau et sant\u00e9"}]},{"@type":"WebSite","@id":"https:\/\/asso.graie.org\/portail\/#website","url":"https:\/\/asso.graie.org\/portail\/","name":"Graie","description":"P\u00f4le Eau et Territoires","publisher":{"@id":"https:\/\/asso.graie.org\/portail\/#organization"},"potentialAction":[{"@type":"SearchAction","target":{"@type":"EntryPoint","urlTemplate":"https:\/\/asso.graie.org\/portail\/?s={search_term_string}"},"query-input":"required name=search_term_string"}],"inLanguage":"fr-FR"},{"@type":"Organization","@id":"https:\/\/asso.graie.org\/portail\/#organization","name":"Le Graie","url":"https:\/\/asso.graie.org\/portail\/","logo":{"@type":"ImageObject","inLanguage":"fr-FR","@id":"https:\/\/asso.graie.org\/portail\/#\/schema\/logo\/image\/","url":"https:\/\/asso.graie.org\/portail\/wp-content\/uploads\/2021\/12\/Logotype-Graie.png","contentUrl":"https:\/\/asso.graie.org\/portail\/wp-content\/uploads\/2021\/12\/Logotype-Graie.png","width":1890,"height":1181,"caption":"Le Graie"},"image":{"@id":"https:\/\/asso.graie.org\/portail\/#\/schema\/logo\/image\/"},"sameAs":["https:\/\/fr.linkedin.com\/company\/graie?trk=top_nav_home","https:\/\/www.youtube.com\/channel\/UCZQk0Tt7upYwERYNdDIZqLQ","https:\/\/twitter.com\/asso_graie"]}]}},"_links":{"self":[{"href":"https:\/\/asso.graie.org\/portail\/wp-json\/wp\/v2\/pages\/1197"}],"collection":[{"href":"https:\/\/asso.graie.org\/portail\/wp-json\/wp\/v2\/pages"}],"about":[{"href":"https:\/\/asso.graie.org\/portail\/wp-json\/wp\/v2\/types\/page"}],"author":[{"embeddable":true,"href":"https:\/\/asso.graie.org\/portail\/wp-json\/wp\/v2\/users\/1"}],"replies":[{"embeddable":true,"href":"https:\/\/asso.graie.org\/portail\/wp-json\/wp\/v2\/comments?post=1197"}],"version-history":[{"count":22,"href":"https:\/\/asso.graie.org\/portail\/wp-json\/wp\/v2\/pages\/1197\/revisions"}],"predecessor-version":[{"id":26388,"href":"https:\/\/asso.graie.org\/portail\/wp-json\/wp\/v2\/pages\/1197\/revisions\/26388"}],"up":[{"embeddable":true,"href":"https:\/\/asso.graie.org\/portail\/wp-json\/wp\/v2\/pages\/1092"}],"wp:attachment":[{"href":"https:\/\/asso.graie.org\/portail\/wp-json\/wp\/v2\/media?parent=1197"}],"curies":[{"name":"wp","href":"https:\/\/api.w.org\/{rel}","templated":true}]}}