{"id":1199,"date":"2017-06-30T09:01:51","date_gmt":"2017-06-30T07:01:51","guid":{"rendered":"https:\/\/asso.graie.org\/portail\/?page_id=1199"},"modified":"2023-02-14T09:55:35","modified_gmt":"2023-02-14T08:55:35","slug":"eau-dans-la-ville","status":"publish","type":"page","link":"https:\/\/asso.graie.org\/portail\/thematiques\/eau-dans-la-ville\/","title":{"rendered":"Eau dans la ville"},"content":{"rendered":"\n<div style=\"height:55px\" aria-hidden=\"true\" class=\"wp-block-spacer\"><\/div>\n\n\n\n<h3 class=\"has-text-align-center wp-block-heading\"><a href=\"https:\/\/asso.graie.org\/portail\/thematiques\/eau-dans-la-ville\/eaux-pluviales\/\">EAUX PLUVIALES<\/a>&nbsp; |&nbsp; <a href=\"https:\/\/asso.graie.org\/portail\/thematiques\/eau-dans-la-ville\/competences\/\">COMP\u00c9TENCE<\/a>&nbsp; |&nbsp; <a href=\"https:\/\/asso.graie.org\/portail\/animationregionale\/gt-autosurveillance\/\">AUTOSURVEILLANCE<\/a><\/h3>\n\n\n\n<div style=\"height:29px\" aria-hidden=\"true\" class=\"wp-block-spacer\"><\/div>\n\n\n\n<h2 class=\"wp-block-heading\"><strong>Mieux lier am\u00e9nagement et gestion de l\u2019eau<\/strong><\/h2>\n\n\n\n<p><strong>L\u2019action du Graie vise \u00e0 promouvoir des solutions alternatives de gestion des eaux pluviales, ma\u00eetriser l\u2019impact des rejets sur les milieux et accompagner le transfert des comp\u00e9tences eau et assainissement.<\/strong><\/p>\n\n\n\n<div style=\"height:29px\" aria-hidden=\"true\" class=\"wp-block-spacer\"><\/div>\n\n\n\n<p>Le Graie, sur la th\u00e9matique <strong>Eau dans la ville<\/strong>, anime :<\/p>\n\n\n\n<ul><li>le laboratoire de recherche hors murs <a href=\"https:\/\/asso.graie.org\/portail\/dispositifsderecherche\/othu\/\">OTHU <\/a>&#8211; Observatoire de Terrain en Hydrologie Urbaine &#8211; et les programmes de recherche associ\u00e9s, mis en place depuis plus de 18 ans sur la M\u00e9tropole lyonnaise.<\/li><li>trois groupes de travail r\u00e9gionaux, sur <a href=\"https:\/\/asso.graie.org\/portail\/animationregionale\/gt-eaux-pluviales\/\">1-Eaux pluviales<\/a> sur les solutions de gestion des eaux pluviales \u00e0 la source, \u00e0 l&rsquo;\u00e9chelle des op\u00e9rations, <a href=\"https:\/\/asso.graie.org\/portail\/animationregionale\/gt-competences-eau-et-assainissement\/\">2-Comp\u00e9tences<\/a>, sur les transferts de comp\u00e9tences eaux et assainissement et la d\u00e9finition de la comp\u00e9tence GEPU et <a href=\"https:\/\/asso.graie.org\/portail\/animationregionale\/autosurveillance-systeme\/\">3-Autosurveillance<\/a>, sur l&rsquo;autosurveillance des r\u00e9seaux d&rsquo;assainissement.<\/li><li>un <a href=\"https:\/\/asso.graie.org\/portail\/animationregionale\/techniques-alternatives\/\">observatoire r\u00e9gional <\/a>d&rsquo;op\u00e9rations exemplaires en mati\u00e8re de gestion des eaux pluviales.<\/li><li>un <a href=\"https:\/\/asso.graie.org\/portail\/animationregionale\/animations-specifiques\/reseau-animateurs-eaux-pluviales\/\">r\u00e9seau francophone des animateurs territoriaux eaux pluviales<\/a>, en partenariat avec l&rsquo;Adopta<\/li><li><a href=\"https:\/\/asso.graie.org\/portail\/animationregionale\/animations-specifiques\/atelier-ville-permeable\/\">l&rsquo;Atelier Ville perm\u00e9able<\/a>, cadre de collaboration entre FNE Auvergne Rh\u00f4ne-Alpes, les CAUE de la r\u00e9gion et le Graie, pour accompagner les territoires vers la ville perm\u00e9able.<\/li><\/ul>\n\n\n\n<div style=\"height:44px\" aria-hidden=\"true\" class=\"wp-block-spacer\"><\/div>\n\n\n\n<div class=\"wp-block-image\"><figure class=\"aligncenter size-full is-resized\"><img decoding=\"async\" loading=\"lazy\" src=\"https:\/\/asso.graie.org\/portail\/wp-content\/uploads\/2022\/09\/Logo_Novatech23_250x100.png\" alt=\"\" class=\"wp-image-21102\" width=\"387\" height=\"155\" srcset=\"https:\/\/asso.graie.org\/portail\/wp-content\/uploads\/2022\/09\/Logo_Novatech23_250x100.png 709w, https:\/\/asso.graie.org\/portail\/wp-content\/uploads\/2022\/09\/Logo_Novatech23_250x100-300x120.png 300w\" sizes=\"(max-width: 387px) 100vw, 387px\" \/><\/figure><\/div>\n\n\n\n<p>Ces r\u00e9seaux sont le support de rencontres organis\u00e9es \u00e0 l&rsquo;\u00e9chelle locale (forums eaux pluviales et am\u00e9nagement), r\u00e9gionale (autosurveillance), nationale (journ\u00e9es techniques OTHU ou rencontres eau et urbanisme) et internationale (<a href=\"https:\/\/asso.graie.org\/portail\/alinternationale\/novatech\/\">Novatech<\/a> tous les trois ans).<\/p>\n\n\n\n<div style=\"height:56px\" aria-hidden=\"true\" class=\"wp-block-spacer\"><\/div>\n\n\n\n<div class=\"wp-block-image\"><figure class=\"alignleft\"><img decoding=\"async\" loading=\"lazy\" width=\"196\" height=\"110\" src=\"https:\/\/asso.graie.org\/portail\/wp-content\/uploads\/2018\/03\/hqdefault.jpg\" alt=\"\" class=\"wp-image-10286\"\/><\/figure><\/div>\n\n\n\n<p>Le Graie a cr\u00e9\u00e9 en 2016 sa <a href=\"https:\/\/www.youtube.com\/channel\/UCZQk0Tt7upYwERYNdDIZqLQ\" target=\"_blank\" rel=\"noopener noreferrer\">cha\u00eene YouTube<\/a> \u00ab L\u2019eau dans la ville \u00bb qui propose deux s\u00e9ries vid\u00e9os. La premi\u00e8re est consacr\u00e9e au film \u00ab L\u2019eau, la nature et la ville \u00bb. La seconde est constitu\u00e9e des interviews tourn\u00e9es lors des \u00e9ditions 2016 et 2019 de Novatech.<\/p>\n\n\n\n<div style=\"height:22px\" aria-hidden=\"true\" class=\"wp-block-spacer\"><\/div>\n","protected":false},"excerpt":{"rendered":"<p>EAUX PLUVIALES&nbsp; |&nbsp; COMP\u00c9TENCE&nbsp; |&nbsp; AUTOSURVEILLANCE Mieux lier am\u00e9nagement et gestion de l\u2019eau L\u2019action du Graie vise \u00e0 promouvoir des solutions alternatives de gestion des eaux pluviales, ma\u00eetriser l\u2019impact des rejets sur les milieux et accompagner le transfert des comp\u00e9tences &hellip;<\/p>\n","protected":false},"author":1,"featured_media":0,"parent":1092,"menu_order":0,"comment_status":"closed","ping_status":"closed","template":"","meta":{"_mi_skip_tracking":false,"footnotes":""},"acf":[],"yoast_head":"<!-- This site is optimized with the Yoast SEO plugin v19.13 - https:\/\/yoast.com\/wordpress\/plugins\/seo\/ -->\n<title>Eau dans la ville | Th\u00e9matique phare | Le Graie<\/title>\n<meta name=\"description\" content=\"A travers sa th\u00e9matique Eau dans la ville, le Graie vise \u00e0 aider les collectivit\u00e9s et entreprises \u00e0 mieux lier am\u00e9nagement et gestion de l\u2019eau.\" \/>\n<meta name=\"robots\" content=\"index, follow, max-snippet:-1, max-image-preview:large, max-video-preview:-1\" \/>\n<link rel=\"canonical\" href=\"https:\/\/asso.graie.org\/portail\/thematiques\/eau-dans-la-ville\/\" \/>\n<meta property=\"og:locale\" content=\"fr_FR\" \/>\n<meta property=\"og:type\" content=\"article\" \/>\n<meta property=\"og:title\" content=\"Eau dans la ville | Th\u00e9matique phare | Le Graie\" \/>\n<meta property=\"og:description\" content=\"A travers sa th\u00e9matique Eau dans la ville, le Graie vise \u00e0 aider les collectivit\u00e9s et entreprises \u00e0 mieux lier am\u00e9nagement et gestion de l\u2019eau.\" \/>\n<meta property=\"og:url\" content=\"https:\/\/asso.graie.org\/portail\/thematiques\/eau-dans-la-ville\/\" \/>\n<meta property=\"og:site_name\" content=\"Graie\" \/>\n<meta property=\"article:modified_time\" content=\"2023-02-14T08:55:35+00:00\" \/>\n<meta property=\"og:image\" content=\"https:\/\/asso.graie.org\/portail\/wp-content\/uploads\/2022\/09\/Logo_Novatech23_250x100.png\" \/>\n<meta name=\"twitter:card\" content=\"summary_large_image\" \/>\n<meta name=\"twitter:site\" content=\"@asso_graie\" \/>\n<meta name=\"twitter:label1\" content=\"Dur\u00e9e de lecture estim\u00e9e\" \/>\n\t<meta name=\"twitter:data1\" content=\"2 minutes\" \/>\n<script type=\"application\/ld+json\" class=\"yoast-schema-graph\">{\"@context\":\"https:\/\/schema.org\",\"@graph\":[{\"@type\":\"WebPage\",\"@id\":\"https:\/\/asso.graie.org\/portail\/thematiques\/eau-dans-la-ville\/\",\"url\":\"https:\/\/asso.graie.org\/portail\/thematiques\/eau-dans-la-ville\/\",\"name\":\"Eau dans la ville | Th\u00e9matique phare | Le Graie\",\"isPartOf\":{\"@id\":\"https:\/\/asso.graie.org\/portail\/#website\"},\"datePublished\":\"2017-06-30T07:01:51+00:00\",\"dateModified\":\"2023-02-14T08:55:35+00:00\",\"description\":\"A travers sa th\u00e9matique Eau dans la ville, le Graie vise \u00e0 aider les collectivit\u00e9s et entreprises \u00e0 mieux lier am\u00e9nagement et gestion de l\u2019eau.\",\"breadcrumb\":{\"@id\":\"https:\/\/asso.graie.org\/portail\/thematiques\/eau-dans-la-ville\/#breadcrumb\"},\"inLanguage\":\"fr-FR\",\"potentialAction\":[{\"@type\":\"ReadAction\",\"target\":[\"https:\/\/asso.graie.org\/portail\/thematiques\/eau-dans-la-ville\/\"]}]},{\"@type\":\"BreadcrumbList\",\"@id\":\"https:\/\/asso.graie.org\/portail\/thematiques\/eau-dans-la-ville\/#breadcrumb\",\"itemListElement\":[{\"@type\":\"ListItem\",\"position\":1,\"name\":\"Accueil\",\"item\":\"https:\/\/asso.graie.org\/portail\/\"},{\"@type\":\"ListItem\",\"position\":2,\"name\":\"Th\u00e9matiques\",\"item\":\"https:\/\/asso.graie.org\/portail\/thematiques\/\"},{\"@type\":\"ListItem\",\"position\":3,\"name\":\"Eau dans la ville\"}]},{\"@type\":\"WebSite\",\"@id\":\"https:\/\/asso.graie.org\/portail\/#website\",\"url\":\"https:\/\/asso.graie.org\/portail\/\",\"name\":\"Graie\",\"description\":\"P\u00f4le Eau et Territoires\",\"publisher\":{\"@id\":\"https:\/\/asso.graie.org\/portail\/#organization\"},\"potentialAction\":[{\"@type\":\"SearchAction\",\"target\":{\"@type\":\"EntryPoint\",\"urlTemplate\":\"https:\/\/asso.graie.org\/portail\/?s={search_term_string}\"},\"query-input\":\"required name=search_term_string\"}],\"inLanguage\":\"fr-FR\"},{\"@type\":\"Organization\",\"@id\":\"https:\/\/asso.graie.org\/portail\/#organization\",\"name\":\"Le Graie\",\"url\":\"https:\/\/asso.graie.org\/portail\/\",\"logo\":{\"@type\":\"ImageObject\",\"inLanguage\":\"fr-FR\",\"@id\":\"https:\/\/asso.graie.org\/portail\/#\/schema\/logo\/image\/\",\"url\":\"https:\/\/asso.graie.org\/portail\/wp-content\/uploads\/2021\/12\/Logotype-Graie.png\",\"contentUrl\":\"https:\/\/asso.graie.org\/portail\/wp-content\/uploads\/2021\/12\/Logotype-Graie.png\",\"width\":1890,\"height\":1181,\"caption\":\"Le Graie\"},\"image\":{\"@id\":\"https:\/\/asso.graie.org\/portail\/#\/schema\/logo\/image\/\"},\"sameAs\":[\"https:\/\/fr.linkedin.com\/company\/graie?trk=top_nav_home\",\"https:\/\/www.youtube.com\/channel\/UCZQk0Tt7upYwERYNdDIZqLQ\",\"https:\/\/twitter.com\/asso_graie\"]}]}<\/script>\n<!-- \/ Yoast SEO plugin. -->","yoast_head_json":{"title":"Eau dans la ville | Th\u00e9matique phare | Le Graie","description":"A travers sa th\u00e9matique Eau dans la ville, le Graie vise \u00e0 aider les collectivit\u00e9s et entreprises \u00e0 mieux lier am\u00e9nagement et gestion de l\u2019eau.","robots":{"index":"index","follow":"follow","max-snippet":"max-snippet:-1","max-image-preview":"max-image-preview:large","max-video-preview":"max-video-preview:-1"},"canonical":"https:\/\/asso.graie.org\/portail\/thematiques\/eau-dans-la-ville\/","og_locale":"fr_FR","og_type":"article","og_title":"Eau dans la ville | Th\u00e9matique phare | Le Graie","og_description":"A travers sa th\u00e9matique Eau dans la ville, le Graie vise \u00e0 aider les collectivit\u00e9s et entreprises \u00e0 mieux lier am\u00e9nagement et gestion de l\u2019eau.","og_url":"https:\/\/asso.graie.org\/portail\/thematiques\/eau-dans-la-ville\/","og_site_name":"Graie","article_modified_time":"2023-02-14T08:55:35+00:00","og_image":[{"url":"https:\/\/asso.graie.org\/portail\/wp-content\/uploads\/2022\/09\/Logo_Novatech23_250x100.png"}],"twitter_card":"summary_large_image","twitter_site":"@asso_graie","twitter_misc":{"Dur\u00e9e de lecture estim\u00e9e":"2 minutes"},"schema":{"@context":"https:\/\/schema.org","@graph":[{"@type":"WebPage","@id":"https:\/\/asso.graie.org\/portail\/thematiques\/eau-dans-la-ville\/","url":"https:\/\/asso.graie.org\/portail\/thematiques\/eau-dans-la-ville\/","name":"Eau dans la ville | Th\u00e9matique phare | Le Graie","isPartOf":{"@id":"https:\/\/asso.graie.org\/portail\/#website"},"datePublished":"2017-06-30T07:01:51+00:00","dateModified":"2023-02-14T08:55:35+00:00","description":"A travers sa th\u00e9matique Eau dans la ville, le Graie vise \u00e0 aider les collectivit\u00e9s et entreprises \u00e0 mieux lier am\u00e9nagement et gestion de l\u2019eau.","breadcrumb":{"@id":"https:\/\/asso.graie.org\/portail\/thematiques\/eau-dans-la-ville\/#breadcrumb"},"inLanguage":"fr-FR","potentialAction":[{"@type":"ReadAction","target":["https:\/\/asso.graie.org\/portail\/thematiques\/eau-dans-la-ville\/"]}]},{"@type":"BreadcrumbList","@id":"https:\/\/asso.graie.org\/portail\/thematiques\/eau-dans-la-ville\/#breadcrumb","itemListElement":[{"@type":"ListItem","position":1,"name":"Accueil","item":"https:\/\/asso.graie.org\/portail\/"},{"@type":"ListItem","position":2,"name":"Th\u00e9matiques","item":"https:\/\/asso.graie.org\/portail\/thematiques\/"},{"@type":"ListItem","position":3,"name":"Eau dans la ville"}]},{"@type":"WebSite","@id":"https:\/\/asso.graie.org\/portail\/#website","url":"https:\/\/asso.graie.org\/portail\/","name":"Graie","description":"P\u00f4le Eau et Territoires","publisher":{"@id":"https:\/\/asso.graie.org\/portail\/#organization"},"potentialAction":[{"@type":"SearchAction","target":{"@type":"EntryPoint","urlTemplate":"https:\/\/asso.graie.org\/portail\/?s={search_term_string}"},"query-input":"required name=search_term_string"}],"inLanguage":"fr-FR"},{"@type":"Organization","@id":"https:\/\/asso.graie.org\/portail\/#organization","name":"Le Graie","url":"https:\/\/asso.graie.org\/portail\/","logo":{"@type":"ImageObject","inLanguage":"fr-FR","@id":"https:\/\/asso.graie.org\/portail\/#\/schema\/logo\/image\/","url":"https:\/\/asso.graie.org\/portail\/wp-content\/uploads\/2021\/12\/Logotype-Graie.png","contentUrl":"https:\/\/asso.graie.org\/portail\/wp-content\/uploads\/2021\/12\/Logotype-Graie.png","width":1890,"height":1181,"caption":"Le Graie"},"image":{"@id":"https:\/\/asso.graie.org\/portail\/#\/schema\/logo\/image\/"},"sameAs":["https:\/\/fr.linkedin.com\/company\/graie?trk=top_nav_home","https:\/\/www.youtube.com\/channel\/UCZQk0Tt7upYwERYNdDIZqLQ","https:\/\/twitter.com\/asso_graie"]}]}},"_links":{"self":[{"href":"https:\/\/asso.graie.org\/portail\/wp-json\/wp\/v2\/pages\/1199"}],"collection":[{"href":"https:\/\/asso.graie.org\/portail\/wp-json\/wp\/v2\/pages"}],"about":[{"href":"https:\/\/asso.graie.org\/portail\/wp-json\/wp\/v2\/types\/page"}],"author":[{"embeddable":true,"href":"https:\/\/asso.graie.org\/portail\/wp-json\/wp\/v2\/users\/1"}],"replies":[{"embeddable":true,"href":"https:\/\/asso.graie.org\/portail\/wp-json\/wp\/v2\/comments?post=1199"}],"version-history":[{"count":14,"href":"https:\/\/asso.graie.org\/portail\/wp-json\/wp\/v2\/pages\/1199\/revisions"}],"predecessor-version":[{"id":22809,"href":"https:\/\/asso.graie.org\/portail\/wp-json\/wp\/v2\/pages\/1199\/revisions\/22809"}],"up":[{"embeddable":true,"href":"https:\/\/asso.graie.org\/portail\/wp-json\/wp\/v2\/pages\/1092"}],"wp:attachment":[{"href":"https:\/\/asso.graie.org\/portail\/wp-json\/wp\/v2\/media?parent=1199"}],"curies":[{"name":"wp","href":"https:\/\/api.w.org\/{rel}","templated":true}]}}