{"id":1255,"date":"2017-06-30T09:09:10","date_gmt":"2017-06-30T07:09:10","guid":{"rendered":"https:\/\/asso.graie.org\/portail\/?page_id=1255"},"modified":"2021-11-03T10:29:59","modified_gmt":"2021-11-03T09:29:59","slug":"sipibel","status":"publish","type":"page","link":"https:\/\/asso.graie.org\/portail\/recherche\/sipibel\/","title":{"rendered":"SIPIBEL"},"content":{"rendered":"<h2>Un site pilote sur les r\u00e9sidus de m\u00e9dicaments et les micropolluants dans l&rsquo;eau<\/h2>\n<p>&nbsp;<\/p>\n<p><a href=\"http:\/\/www.graie.org\/Sipibel\/index.html\" target=\"_blank\" rel=\"noopener noreferrer\"><img decoding=\"async\" loading=\"lazy\" class=\"alignnone size-medium wp-image-8967\" src=\"https:\/\/asso.graie.org\/portail\/wp-content\/uploads\/2017\/11\/sipibel-recoupe-300x76.jpg\" alt=\"\" width=\"300\" height=\"76\" srcset=\"https:\/\/asso.graie.org\/portail\/wp-content\/uploads\/2017\/11\/sipibel-recoupe-300x76.jpg 300w, https:\/\/asso.graie.org\/portail\/wp-content\/uploads\/2017\/11\/sipibel-recoupe-600x151.jpg 600w, https:\/\/asso.graie.org\/portail\/wp-content\/uploads\/2017\/11\/sipibel-recoupe-768x194.jpg 768w, https:\/\/asso.graie.org\/portail\/wp-content\/uploads\/2017\/11\/sipibel-recoupe-1024x258.jpg 1024w, https:\/\/asso.graie.org\/portail\/wp-content\/uploads\/2017\/11\/sipibel-recoupe.jpg 1664w\" sizes=\"(max-width: 300px) 100vw, 300px\" \/><\/a><\/p>\n<p>&nbsp;<\/p>\n<p><strong>SIPIBEL<\/strong> &#8211; le site pilote de Bellecombe &#8211; sur les effluents hospitaliers et stations d\u2019\u00e9puration urbaines, est un dispositif d&rsquo;observation et de recherche b\u00e2ti en 2011 selon un sch\u00e9ma similaire \u00e0 l&rsquo;<a href=\"https:\/\/asso.graie.org\/portail\/dispositifsderecherche\/othu\/\">OTHU<\/a>.<\/p>\n<p>&nbsp;<\/p>\n<p><img decoding=\"async\" loading=\"lazy\" class=\"alignnone size-full wp-image-2753\" src=\"https:\/\/asso.graie.org\/portail\/wp-content\/uploads\/2017\/08\/MontagePageSIPIBEL.jpg\" alt=\"SIPIBEL\" width=\"1200\" height=\"200\" srcset=\"https:\/\/asso.graie.org\/portail\/wp-content\/uploads\/2017\/08\/MontagePageSIPIBEL.jpg 1200w, https:\/\/asso.graie.org\/portail\/wp-content\/uploads\/2017\/08\/MontagePageSIPIBEL-600x100.jpg 600w, https:\/\/asso.graie.org\/portail\/wp-content\/uploads\/2017\/08\/MontagePageSIPIBEL-300x50.jpg 300w, https:\/\/asso.graie.org\/portail\/wp-content\/uploads\/2017\/08\/MontagePageSIPIBEL-768x128.jpg 768w, https:\/\/asso.graie.org\/portail\/wp-content\/uploads\/2017\/08\/MontagePageSIPIBEL-1024x171.jpg 1024w\" sizes=\"(max-width: 1200px) 100vw, 1200px\" \/><\/p>\n<p>&nbsp;<\/p>\n<h3>Le dispositif<\/h3>\n<ul>\n<li><strong>un observatoire<\/strong> des r\u00e9sidus de m\u00e9dicaments et micropolluants dans les effluents hospitaliers et urbains<\/li>\n<li><strong>des actions de recherche<\/strong> d\u00e9velopp\u00e9es en appui sur l\u2019observatoire et structur\u00e9es selon quatre axes\u00a0: 1- Caract\u00e9risation, 2- Traitement, 3- Risques, 4- Sociologie<\/li>\n<li><strong>une cellule d&rsquo;animation<\/strong> <strong>et de valorisation<\/strong> du projet<\/li>\n<\/ul>\n<p>&nbsp;<\/p>\n<h3>Les acteurs<\/h3>\n<p>SIPIBEL est port\u00e9 par le Syndicat des eaux des Rocailles et de Bellecombe et le Graie, tous deux responsables du projet. Les recherches sont port\u00e9es par les laboratoires du consortium scientifique.<strong> L&rsquo;animation, la coordination et la valorisation du dispositif sont assur\u00e9es par le Graie depuis 2012.<\/strong><\/p>\n<p>&nbsp;<\/p>\n<h3>Le site<\/h3>\n<p>Il est compos\u00e9 du<strong> Centre Hospitalier Alpes L\u00e9man<\/strong> (CHAL), mis en service en f\u00e9vrier 2012 ; de la <strong>station d\u2019\u00e9puration de Bellecombe<\/strong>, avec 2 files de traitement dont l&rsquo;une a \u00e9t\u00e9 enti\u00e8rement d\u00e9di\u00e9e aux effluents hospitaliers pendant 2 ans et demi\u00a0; d&rsquo;un milieu r\u00e9cepteur, la <strong>rivi\u00e8re<\/strong> <strong>Arve<\/strong>, qui alimente pour partie la nappe du genevois, importante ressource en eau potable pour le bassin genevois.<\/p>\n<p>&nbsp;<\/p>\n<h3>Un observatoire support de 3 projets d&rsquo;\u00e9tudes et recherche<\/h3>\n<ul>\n<li>le projet Interreg franco-suisse <strong>IRMISE Arve aval<\/strong><\/li>\n<li>le projet <strong>SIPIBEL-RILACT<\/strong>, issu de l\u2019appel \u00e0 projet national \u00ab\u00a0Micropolluants\u00a0\u00bb<\/li>\n<li>Le projet <strong>MediATES<\/strong>, avec la mise en ligne d\u2019un site d\u2019information et de sensibilisation <a href=\"http:\/\/www.graie.org\/mediates\/index.html\" target=\"_blank\" rel=\"noopener noreferrer\">www.medicamentsdansleau.org<\/a><\/li>\n<\/ul>\n<p>&nbsp;<\/p>\n<h3>En lien avec l&rsquo;\u00e9volution des politiques publiques<\/h3>\n<p>Le dispositif SIPIBEL s&rsquo;inscrit pleinement dans la mise en \u0153uvre des <strong>politiques publiques, locales et nationales, pour la ma\u00eetrise des micropolluants.<\/strong> Il r\u00e9pond directement \u00e0 certains des objectifs nationaux et r\u00e9gionaux d\u00e9finis dans les diff\u00e9rents plans, notamment dans le plan national Micropolluants et le 3<sup>\u00e8me<\/sup> Plan R\u00e9gional Sant\u00e9 Environnement.<\/p>\n<p>&nbsp;<\/p>\n\n\t\t<div class=\"clearfix\"><\/div>\n\t\t<hr style=\"margin-top:20px; margin-bottom:20px;\" class=\"divider divider-solid\">\n\t\n<p><strong>Contact :<\/strong><\/p>\n<p>&nbsp;<\/p>\n<p><img decoding=\"async\" loading=\"lazy\" class=\"size-full wp-image-18803 alignleft\" src=\"https:\/\/asso.graie.org\/portail\/wp-content\/uploads\/2021\/11\/elodie-brelot-miniature.jpg\" alt=\"Elodie Brelot\" width=\"200\" height=\"200\" srcset=\"https:\/\/asso.graie.org\/portail\/wp-content\/uploads\/2021\/11\/elodie-brelot-miniature.jpg 200w, https:\/\/asso.graie.org\/portail\/wp-content\/uploads\/2021\/11\/elodie-brelot-miniature-150x150.jpg 150w, https:\/\/asso.graie.org\/portail\/wp-content\/uploads\/2021\/11\/elodie-brelot-miniature-100x100.jpg 100w\" sizes=\"(max-width: 200px) 100vw, 200px\" \/><\/p>\n<p>&nbsp;<\/p>\n<a class=\"lightbox-enabled\" href=\"https:\/\/asso.graie.org\/portail\/elodie-brelot\/\" data-caption=\"\" title=\"\">Elodie BRELOT, directrice du Graie<\/a>\n<p>&nbsp;<\/p>\n<a href=\"http:\/\/www.graie.org\/Sipibel\/index.html\" target=\"_blank\" class=\"shortc-button medium blue \"><span class=\"fa  fa-plus-circle \" aria-hidden=\"true\"><\/span> Acc\u00e9der au site internet de SIPIBEL<\/a>\n","protected":false},"excerpt":{"rendered":"<p>Un site pilote sur les r\u00e9sidus de m\u00e9dicaments et les micropolluants dans l&rsquo;eau &nbsp; &nbsp; SIPIBEL &#8211; le site pilote de Bellecombe &#8211; sur les effluents hospitaliers et stations d\u2019\u00e9puration urbaines, est un dispositif d&rsquo;observation et de recherche b\u00e2ti en &hellip;<\/p>\n","protected":false},"author":1,"featured_media":0,"parent":1098,"menu_order":0,"comment_status":"closed","ping_status":"closed","template":"","meta":{"_mi_skip_tracking":false,"footnotes":""},"acf":[],"yoast_head":"<!-- This site is optimized with the Yoast SEO plugin v19.13 - https:\/\/yoast.com\/wordpress\/plugins\/seo\/ -->\n<title>SIPIBEL | Dispositif de recherche | Le Graie<\/title>\n<meta name=\"description\" content=\"Le SIPIBEL (Site Pilote de Bellecombe sur les r\u00e9sidus de m\u00e9dicaments et les micropolluants dans l&#039;eau) est un dispositif d&#039;observation et de recherche cr\u00e9\u00e9 en 2011.\" \/>\n<meta name=\"robots\" content=\"index, follow, max-snippet:-1, max-image-preview:large, max-video-preview:-1\" \/>\n<link rel=\"canonical\" href=\"https:\/\/asso.graie.org\/portail\/recherche\/sipibel\/\" \/>\n<meta property=\"og:locale\" content=\"fr_FR\" \/>\n<meta property=\"og:type\" content=\"article\" \/>\n<meta property=\"og:title\" content=\"SIPIBEL | Dispositif de recherche | Le Graie\" \/>\n<meta property=\"og:description\" content=\"Le SIPIBEL (Site Pilote de Bellecombe sur les r\u00e9sidus de m\u00e9dicaments et les micropolluants dans l&#039;eau) est un dispositif d&#039;observation et de recherche cr\u00e9\u00e9 en 2011.\" \/>\n<meta property=\"og:url\" content=\"https:\/\/asso.graie.org\/portail\/recherche\/sipibel\/\" \/>\n<meta property=\"og:site_name\" content=\"Graie\" \/>\n<meta property=\"article:modified_time\" content=\"2021-11-03T09:29:59+00:00\" \/>\n<meta property=\"og:image\" content=\"https:\/\/asso.graie.org\/portail\/wp-content\/uploads\/2017\/11\/sipibel-recoupe-300x76.jpg\" \/>\n<meta name=\"twitter:card\" content=\"summary_large_image\" \/>\n<meta name=\"twitter:site\" content=\"@asso_graie\" \/>\n<meta name=\"twitter:label1\" content=\"Dur\u00e9e de lecture estim\u00e9e\" \/>\n\t<meta name=\"twitter:data1\" content=\"2 minutes\" \/>\n<script type=\"application\/ld+json\" class=\"yoast-schema-graph\">{\"@context\":\"https:\/\/schema.org\",\"@graph\":[{\"@type\":\"WebPage\",\"@id\":\"https:\/\/asso.graie.org\/portail\/recherche\/sipibel\/\",\"url\":\"https:\/\/asso.graie.org\/portail\/recherche\/sipibel\/\",\"name\":\"SIPIBEL | Dispositif de recherche | Le Graie\",\"isPartOf\":{\"@id\":\"https:\/\/asso.graie.org\/portail\/#website\"},\"datePublished\":\"2017-06-30T07:09:10+00:00\",\"dateModified\":\"2021-11-03T09:29:59+00:00\",\"description\":\"Le SIPIBEL (Site Pilote de Bellecombe sur les r\u00e9sidus de m\u00e9dicaments et les micropolluants dans l'eau) est un dispositif d'observation et de recherche cr\u00e9\u00e9 en 2011.\",\"breadcrumb\":{\"@id\":\"https:\/\/asso.graie.org\/portail\/recherche\/sipibel\/#breadcrumb\"},\"inLanguage\":\"fr-FR\",\"potentialAction\":[{\"@type\":\"ReadAction\",\"target\":[\"https:\/\/asso.graie.org\/portail\/recherche\/sipibel\/\"]}]},{\"@type\":\"BreadcrumbList\",\"@id\":\"https:\/\/asso.graie.org\/portail\/recherche\/sipibel\/#breadcrumb\",\"itemListElement\":[{\"@type\":\"ListItem\",\"position\":1,\"name\":\"Accueil\",\"item\":\"https:\/\/asso.graie.org\/portail\/\"},{\"@type\":\"ListItem\",\"position\":2,\"name\":\"Recherche\",\"item\":\"https:\/\/asso.graie.org\/portail\/recherche\/\"},{\"@type\":\"ListItem\",\"position\":3,\"name\":\"SIPIBEL\"}]},{\"@type\":\"WebSite\",\"@id\":\"https:\/\/asso.graie.org\/portail\/#website\",\"url\":\"https:\/\/asso.graie.org\/portail\/\",\"name\":\"Graie\",\"description\":\"P\u00f4le Eau et Territoires\",\"publisher\":{\"@id\":\"https:\/\/asso.graie.org\/portail\/#organization\"},\"potentialAction\":[{\"@type\":\"SearchAction\",\"target\":{\"@type\":\"EntryPoint\",\"urlTemplate\":\"https:\/\/asso.graie.org\/portail\/?s={search_term_string}\"},\"query-input\":\"required name=search_term_string\"}],\"inLanguage\":\"fr-FR\"},{\"@type\":\"Organization\",\"@id\":\"https:\/\/asso.graie.org\/portail\/#organization\",\"name\":\"Le Graie\",\"url\":\"https:\/\/asso.graie.org\/portail\/\",\"logo\":{\"@type\":\"ImageObject\",\"inLanguage\":\"fr-FR\",\"@id\":\"https:\/\/asso.graie.org\/portail\/#\/schema\/logo\/image\/\",\"url\":\"https:\/\/asso.graie.org\/portail\/wp-content\/uploads\/2021\/12\/Logotype-Graie.png\",\"contentUrl\":\"https:\/\/asso.graie.org\/portail\/wp-content\/uploads\/2021\/12\/Logotype-Graie.png\",\"width\":1890,\"height\":1181,\"caption\":\"Le Graie\"},\"image\":{\"@id\":\"https:\/\/asso.graie.org\/portail\/#\/schema\/logo\/image\/\"},\"sameAs\":[\"https:\/\/fr.linkedin.com\/company\/graie?trk=top_nav_home\",\"https:\/\/www.youtube.com\/channel\/UCZQk0Tt7upYwERYNdDIZqLQ\",\"https:\/\/twitter.com\/asso_graie\"]}]}<\/script>\n<!-- \/ Yoast SEO plugin. -->","yoast_head_json":{"title":"SIPIBEL | Dispositif de recherche | Le Graie","description":"Le SIPIBEL (Site Pilote de Bellecombe sur les r\u00e9sidus de m\u00e9dicaments et les micropolluants dans l'eau) est un dispositif d'observation et de recherche cr\u00e9\u00e9 en 2011.","robots":{"index":"index","follow":"follow","max-snippet":"max-snippet:-1","max-image-preview":"max-image-preview:large","max-video-preview":"max-video-preview:-1"},"canonical":"https:\/\/asso.graie.org\/portail\/recherche\/sipibel\/","og_locale":"fr_FR","og_type":"article","og_title":"SIPIBEL | Dispositif de recherche | Le Graie","og_description":"Le SIPIBEL (Site Pilote de Bellecombe sur les r\u00e9sidus de m\u00e9dicaments et les micropolluants dans l'eau) est un dispositif d'observation et de recherche cr\u00e9\u00e9 en 2011.","og_url":"https:\/\/asso.graie.org\/portail\/recherche\/sipibel\/","og_site_name":"Graie","article_modified_time":"2021-11-03T09:29:59+00:00","og_image":[{"url":"https:\/\/asso.graie.org\/portail\/wp-content\/uploads\/2017\/11\/sipibel-recoupe-300x76.jpg"}],"twitter_card":"summary_large_image","twitter_site":"@asso_graie","twitter_misc":{"Dur\u00e9e de lecture estim\u00e9e":"2 minutes"},"schema":{"@context":"https:\/\/schema.org","@graph":[{"@type":"WebPage","@id":"https:\/\/asso.graie.org\/portail\/recherche\/sipibel\/","url":"https:\/\/asso.graie.org\/portail\/recherche\/sipibel\/","name":"SIPIBEL | Dispositif de recherche | Le Graie","isPartOf":{"@id":"https:\/\/asso.graie.org\/portail\/#website"},"datePublished":"2017-06-30T07:09:10+00:00","dateModified":"2021-11-03T09:29:59+00:00","description":"Le SIPIBEL (Site Pilote de Bellecombe sur les r\u00e9sidus de m\u00e9dicaments et les micropolluants dans l'eau) est un dispositif d'observation et de recherche cr\u00e9\u00e9 en 2011.","breadcrumb":{"@id":"https:\/\/asso.graie.org\/portail\/recherche\/sipibel\/#breadcrumb"},"inLanguage":"fr-FR","potentialAction":[{"@type":"ReadAction","target":["https:\/\/asso.graie.org\/portail\/recherche\/sipibel\/"]}]},{"@type":"BreadcrumbList","@id":"https:\/\/asso.graie.org\/portail\/recherche\/sipibel\/#breadcrumb","itemListElement":[{"@type":"ListItem","position":1,"name":"Accueil","item":"https:\/\/asso.graie.org\/portail\/"},{"@type":"ListItem","position":2,"name":"Recherche","item":"https:\/\/asso.graie.org\/portail\/recherche\/"},{"@type":"ListItem","position":3,"name":"SIPIBEL"}]},{"@type":"WebSite","@id":"https:\/\/asso.graie.org\/portail\/#website","url":"https:\/\/asso.graie.org\/portail\/","name":"Graie","description":"P\u00f4le Eau et Territoires","publisher":{"@id":"https:\/\/asso.graie.org\/portail\/#organization"},"potentialAction":[{"@type":"SearchAction","target":{"@type":"EntryPoint","urlTemplate":"https:\/\/asso.graie.org\/portail\/?s={search_term_string}"},"query-input":"required name=search_term_string"}],"inLanguage":"fr-FR"},{"@type":"Organization","@id":"https:\/\/asso.graie.org\/portail\/#organization","name":"Le Graie","url":"https:\/\/asso.graie.org\/portail\/","logo":{"@type":"ImageObject","inLanguage":"fr-FR","@id":"https:\/\/asso.graie.org\/portail\/#\/schema\/logo\/image\/","url":"https:\/\/asso.graie.org\/portail\/wp-content\/uploads\/2021\/12\/Logotype-Graie.png","contentUrl":"https:\/\/asso.graie.org\/portail\/wp-content\/uploads\/2021\/12\/Logotype-Graie.png","width":1890,"height":1181,"caption":"Le Graie"},"image":{"@id":"https:\/\/asso.graie.org\/portail\/#\/schema\/logo\/image\/"},"sameAs":["https:\/\/fr.linkedin.com\/company\/graie?trk=top_nav_home","https:\/\/www.youtube.com\/channel\/UCZQk0Tt7upYwERYNdDIZqLQ","https:\/\/twitter.com\/asso_graie"]}]}},"_links":{"self":[{"href":"https:\/\/asso.graie.org\/portail\/wp-json\/wp\/v2\/pages\/1255"}],"collection":[{"href":"https:\/\/asso.graie.org\/portail\/wp-json\/wp\/v2\/pages"}],"about":[{"href":"https:\/\/asso.graie.org\/portail\/wp-json\/wp\/v2\/types\/page"}],"author":[{"embeddable":true,"href":"https:\/\/asso.graie.org\/portail\/wp-json\/wp\/v2\/users\/1"}],"replies":[{"embeddable":true,"href":"https:\/\/asso.graie.org\/portail\/wp-json\/wp\/v2\/comments?post=1255"}],"version-history":[{"count":9,"href":"https:\/\/asso.graie.org\/portail\/wp-json\/wp\/v2\/pages\/1255\/revisions"}],"predecessor-version":[{"id":18809,"href":"https:\/\/asso.graie.org\/portail\/wp-json\/wp\/v2\/pages\/1255\/revisions\/18809"}],"up":[{"embeddable":true,"href":"https:\/\/asso.graie.org\/portail\/wp-json\/wp\/v2\/pages\/1098"}],"wp:attachment":[{"href":"https:\/\/asso.graie.org\/portail\/wp-json\/wp\/v2\/media?parent=1255"}],"curies":[{"name":"wp","href":"https:\/\/api.w.org\/{rel}","templated":true}]}}