{"id":1257,"date":"2017-06-30T09:09:21","date_gmt":"2017-06-30T07:09:21","guid":{"rendered":"https:\/\/asso.graie.org\/portail\/?page_id=1257"},"modified":"2024-04-22T11:51:58","modified_gmt":"2024-04-22T09:51:58","slug":"osr","status":"publish","type":"page","link":"https:\/\/asso.graie.org\/portail\/recherche\/osr\/","title":{"rendered":"OSR"},"content":{"rendered":"\n<h2 class=\"wp-block-heading\">Un observatoire des s\u00e9diments du Rh\u00f4ne<\/h2>\n\n\n\n<div style=\"height:35px\" aria-hidden=\"true\" class=\"wp-block-spacer\"><\/div>\n\n\n\n<div class=\"wp-block-buttons is-layout-flex wp-block-buttons-is-layout-flex\">\n<div class=\"wp-block-button aligncenter\"><a class=\"wp-block-button__link has-white-color has-luminous-vivid-orange-background-color has-text-color has-background\" href=\"https:\/\/observatoire-sediments-rhone.fr\/\"><strong>Acc\u00e9der au nouveau site de l&rsquo;OSR<\/strong><\/a><\/div>\n<\/div>\n\n\n\n<div style=\"height:35px\" aria-hidden=\"true\" class=\"wp-block-spacer\"><\/div>\n\n\n\n<p>Cr\u00e9\u00e9 en 2009, l&rsquo;<strong>OSR<\/strong> &#8211; Observatoire des S\u00e9diments du Rh\u00f4ne &#8211; vise \u00e0 <strong>produire et collecter des donn\u00e9es<\/strong> permettant de caract\u00e9riser les <strong>flux de mati\u00e8re en suspension<\/strong>, les <strong>stocks s\u00e9dimentaires<\/strong> et les <strong>pollutions<\/strong> associ\u00e9es. Cet observatoire s\u2019appuie sur un programme de recherche financ\u00e9 au titre du Plan Rh\u00f4ne et b\u00e9n\u00e9ficie du soutien du Fond Europ\u00e9en pour le D\u00e9veloppement R\u00e9gional. L\u2019objectif de l\u2019OSR est d\u2019apporter des \u00e9l\u00e9ments de connaissance pour r\u00e9pondre \u00e0 de grandes questions autour du <strong>transit s\u00e9dimentaire<\/strong> (transport solide, origine des mati\u00e8res en suspension, processus de s\u00e9dimentation) et de son r\u00f4le sur la <strong>morphologie<\/strong> et le <strong>fonctionnement \u00e9cologique<\/strong> du fleuve Rh\u00f4ne.<\/p>\n\n\n\n<div style=\"height:44px\" aria-hidden=\"true\" class=\"wp-block-spacer\"><\/div>\n\n\n\n<div class=\"wp-block-image\"><figure class=\"aligncenter size-large is-resized\"><img decoding=\"async\" loading=\"lazy\" src=\"https:\/\/asso.graie.org\/portail\/wp-content\/uploads\/2022\/09\/JT-OSR-1024x358.png\" alt=\"\" class=\"wp-image-20917\" width=\"892\" height=\"311\" srcset=\"https:\/\/asso.graie.org\/portail\/wp-content\/uploads\/2022\/09\/JT-OSR-1024x358.png 1024w, https:\/\/asso.graie.org\/portail\/wp-content\/uploads\/2022\/09\/JT-OSR-300x105.png 300w, https:\/\/asso.graie.org\/portail\/wp-content\/uploads\/2022\/09\/JT-OSR-768x269.png 768w, https:\/\/asso.graie.org\/portail\/wp-content\/uploads\/2022\/09\/JT-OSR-1536x538.png 1536w, https:\/\/asso.graie.org\/portail\/wp-content\/uploads\/2022\/09\/JT-OSR.png 2000w\" sizes=\"(max-width: 892px) 100vw, 892px\" \/><\/figure><\/div>\n\n\n\n<div style=\"height:43px\" aria-hidden=\"true\" class=\"wp-block-spacer\"><\/div>\n\n\n\n<p>Ces \u00e9l\u00e9ments de connaissance sont non seulement transmis aux partenaires du projet en charge de la gestion du fleuve, mais une <strong>politique de communication<\/strong> plus large est \u00e9galement programm\u00e9e <strong>afin d\u2019informer les acteurs du Rh\u00f4ne, les riverains et les d\u00e9cideurs<\/strong>, et ainsi alimenter le d\u00e9bat public pour mettre en \u0153uvre une <strong>gestion durable du fleuve<\/strong>.<\/p>\n\n\n\n<div style=\"height:32px\" aria-hidden=\"true\" class=\"wp-block-spacer\"><\/div>\n\n\n\n<p>L\u2019OSR a permis en outre la mise en place d\u2019une <strong>base de donn\u00e9es<\/strong> \u00e0 r\u00e9f\u00e9rence spatiale et le d\u00e9veloppement d\u2019outils num\u00e9riques permettant sa gestion (<a href=\"https:\/\/elvis.ens-lyon.fr\"><strong>g\u00e9o-catalogue de m\u00e9tadonn\u00e9es<\/strong><\/a>) et sa valorisation (web-SIG).<\/p>\n\n\n\n<div style=\"height:30px\" aria-hidden=\"true\" class=\"wp-block-spacer\"><\/div>\n\n\n\n<h3 class=\"wp-block-heading\">Synth\u00e8se des 12 ans de l&rsquo;OSR<\/h3>\n\n\n\n<div class=\"wp-block-columns is-layout-flex wp-container-5 wp-block-columns-is-layout-flex\">\n<div class=\"wp-block-column is-layout-flow wp-block-column-is-layout-flow\" style=\"flex-basis:33.33%\">\n<figure class=\"wp-block-image size-full\"><img decoding=\"async\" loading=\"lazy\" width=\"700\" height=\"891\" src=\"https:\/\/asso.graie.org\/portail\/wp-content\/uploads\/2022\/09\/synthese_osr.png\" alt=\"\" class=\"wp-image-20920\" srcset=\"https:\/\/asso.graie.org\/portail\/wp-content\/uploads\/2022\/09\/synthese_osr.png 700w, https:\/\/asso.graie.org\/portail\/wp-content\/uploads\/2022\/09\/synthese_osr-236x300.png 236w\" sizes=\"(max-width: 700px) 100vw, 700px\" \/><\/figure>\n<\/div>\n\n\n\n<div class=\"wp-block-column is-vertically-aligned-center is-layout-flow wp-block-column-is-layout-flow\" style=\"flex-basis:66.66%\">\n<p>A l\u2019occasion de ses 12 ans, l\u2019Observatoire des S\u00e9diments du Rh\u00f4ne a valoris\u00e9 toutes les connaissances scientifiques et techniques acquises sur le fonctionnement hydro-s\u00e9dimentaire du Rh\u00f4ne \u00e0 travers cet ouvrage, pr\u00e9sent\u00e9 \u00e0 l&rsquo;occasion d&rsquo;une journ\u00e9e d\u2019\u00e9changes qui a eu lieu le 22 novembre 2022.<\/p>\n\n\n\n<div style=\"height:25px\" aria-hidden=\"true\" class=\"wp-block-spacer\"><\/div>\n\n\n\n<div class=\"wp-block-buttons is-layout-flex wp-block-buttons-is-layout-flex\">\n<div class=\"wp-block-button\"><a class=\"wp-block-button__link has-white-color has-luminous-vivid-orange-background-color has-text-color has-background\" href=\"https:\/\/asso.graie.org\/portail\/synthese-osr\/\"><strong>En savoir plus sur la synth\u00e8se<\/strong><\/a><\/div>\n<\/div>\n<\/div>\n<\/div>\n\n\n\n<div style=\"height:38px\" aria-hidden=\"true\" class=\"wp-block-spacer\"><\/div>\n\n\n\n<h3 class=\"wp-block-heading\">Le s\u00e9minaire OSR du 27 janvier 2022 en vid\u00e9o<\/h3>\n\n\n\n<p>L\u2019axe D du programme OSR 6 (2021-2023) a pour objectif de f\u00e9d\u00e9rer les connaissances d\u2019experts sur les domaines associ\u00e9s au transfert s\u00e9dimentaire (apports, stocks, contamination, cartographies, flux&#8230;) afin de cr\u00e9er des sc\u00e9narios plausibles, puis de poser les bases d\u2019une mod\u00e9lisation de ces sc\u00e9narios. Ce s\u00e9minaire \u00ab\u00a0Identifier les sc\u00e9narios du changement pour anticiper les impacts sur le transfert s\u00e9dimentaire dans le Rh\u00f4ne\u00a0\u00bb a permis de faire intervenir 3 experts ext\u00e9rieurs qui sont venus pr\u00e9senter les connaissances acquises sur l\u2019\u00e9volution attendue des changements climatiques pour la r\u00e9gion en termes de for\u00e7ages majeurs.<\/p>\n\n\n\n<div style=\"height:19px\" aria-hidden=\"true\" class=\"wp-block-spacer\"><\/div>\n\n\n\n<div class=\"wp-block-columns is-layout-flex wp-container-9 wp-block-columns-is-layout-flex\">\n<div class=\"wp-block-column is-layout-flow wp-block-column-is-layout-flow\">\n<figure class=\"wp-block-image size-full\"><a href=\"https:\/\/www.youtube.com\/watch?v=DQr1MnNn_Ws&amp;t=107s\"><img decoding=\"async\" loading=\"lazy\" width=\"332\" height=\"260\" src=\"https:\/\/asso.graie.org\/portail\/wp-content\/uploads\/2022\/12\/videoOSR1.png\" alt=\"\" class=\"wp-image-22363\" srcset=\"https:\/\/asso.graie.org\/portail\/wp-content\/uploads\/2022\/12\/videoOSR1.png 332w, https:\/\/asso.graie.org\/portail\/wp-content\/uploads\/2022\/12\/videoOSR1-300x235.png 300w\" sizes=\"(max-width: 332px) 100vw, 332px\" \/><\/a><\/figure>\n<\/div>\n\n\n\n<div class=\"wp-block-column is-layout-flow wp-block-column-is-layout-flow\">\n<figure class=\"wp-block-image size-full\"><a href=\"https:\/\/www.youtube.com\/watch?v=kjHbu8w1xmY\"><img decoding=\"async\" loading=\"lazy\" width=\"330\" height=\"254\" src=\"https:\/\/asso.graie.org\/portail\/wp-content\/uploads\/2022\/12\/videoOSR2.png\" alt=\"\" class=\"wp-image-22364\" srcset=\"https:\/\/asso.graie.org\/portail\/wp-content\/uploads\/2022\/12\/videoOSR2.png 330w, https:\/\/asso.graie.org\/portail\/wp-content\/uploads\/2022\/12\/videoOSR2-300x231.png 300w\" sizes=\"(max-width: 330px) 100vw, 330px\" \/><\/a><\/figure>\n<\/div>\n\n\n\n<div class=\"wp-block-column is-layout-flow wp-block-column-is-layout-flow\">\n<figure class=\"wp-block-image size-full\"><a href=\"https:\/\/www.youtube.com\/watch?v=tWUddd5FdWc&amp;t=2s\"><img decoding=\"async\" loading=\"lazy\" width=\"330\" height=\"257\" src=\"https:\/\/asso.graie.org\/portail\/wp-content\/uploads\/2022\/12\/videoOSR3.png\" alt=\"\" class=\"wp-image-22365\" srcset=\"https:\/\/asso.graie.org\/portail\/wp-content\/uploads\/2022\/12\/videoOSR3.png 330w, https:\/\/asso.graie.org\/portail\/wp-content\/uploads\/2022\/12\/videoOSR3-300x234.png 300w\" sizes=\"(max-width: 330px) 100vw, 330px\" \/><\/a><\/figure>\n<\/div>\n<\/div>\n\n\n\n<div style=\"height:60px\" aria-hidden=\"true\" class=\"wp-block-spacer\"><\/div>\n\n\n\n<h3 class=\"wp-block-heading\">L&rsquo;OSR, un dispositif de recherche anim\u00e9 par le Graie<\/h3>\n\n\n\n<p>L\u2019animation par le Graie consiste \u00e0 :<\/p>\n\n\n\n<ul><li>Pr\u00e9parer et animer les instances et mettre en \u0153uvre les d\u00e9cisions prises<\/li><li>R\u00e9pondre aux sollicitations externes en lien avec le programme<\/li><li>Valoriser les r\u00e9sultats de l&rsquo;OSR<\/li><li>Garantir les interactions entre \u00e9quipes de recherche<\/li><li>Animer la dynamique entre scientifiques et op\u00e9rationnels \u00e0 travers l\u2019organisation de groupes de travail par axes th\u00e9matiques. Les groupes de travail permettent aux partenaires de s&rsquo;approprier les \u00e9l\u00e9ments de connaissances acquis et d\u2019exprimer des questions concr\u00e8tes pour aller jusqu&rsquo;\u00e0 l&rsquo;op\u00e9rationnel.<\/li><\/ul>\n\n\n\n<div style=\"height:60px\" aria-hidden=\"true\" class=\"wp-block-spacer\"><\/div>\n\n\n\n<figure class=\"wp-block-image size-full is-style-default\"><img decoding=\"async\" loading=\"lazy\" width=\"2000\" height=\"1650\" src=\"https:\/\/asso.graie.org\/portail\/wp-content\/uploads\/2023\/09\/Modele_logos_OSR_2023.jpg\" alt=\"\" class=\"wp-image-24316\" srcset=\"https:\/\/asso.graie.org\/portail\/wp-content\/uploads\/2023\/09\/Modele_logos_OSR_2023.jpg 2000w, https:\/\/asso.graie.org\/portail\/wp-content\/uploads\/2023\/09\/Modele_logos_OSR_2023-300x248.jpg 300w, https:\/\/asso.graie.org\/portail\/wp-content\/uploads\/2023\/09\/Modele_logos_OSR_2023-1024x845.jpg 1024w, https:\/\/asso.graie.org\/portail\/wp-content\/uploads\/2023\/09\/Modele_logos_OSR_2023-768x634.jpg 768w, https:\/\/asso.graie.org\/portail\/wp-content\/uploads\/2023\/09\/Modele_logos_OSR_2023-1536x1267.jpg 1536w\" sizes=\"(max-width: 2000px) 100vw, 2000px\" \/><\/figure>\n\n\n\n<div style=\"height:52px\" aria-hidden=\"true\" class=\"wp-block-spacer\"><\/div>\n\n\n\n<hr class=\"wp-block-separator\"\/>\n\n\n\n<div style=\"height:45px\" aria-hidden=\"true\" class=\"wp-block-spacer\"><\/div>\n\n\n\n<p><strong>Contact :<\/strong><\/p>\n\n\n\n<div class=\"wp-block-image\"><figure class=\"alignleft\"><img decoding=\"async\" loading=\"lazy\" width=\"200\" height=\"200\" src=\"https:\/\/asso.graie.org\/portail\/wp-content\/uploads\/2021\/11\/bertrand-morandini-miniature.jpg\" alt=\"Bertrand Morandi\" class=\"wp-image-18792\" srcset=\"https:\/\/asso.graie.org\/portail\/wp-content\/uploads\/2021\/11\/bertrand-morandini-miniature.jpg 200w, https:\/\/asso.graie.org\/portail\/wp-content\/uploads\/2021\/11\/bertrand-morandini-miniature-150x150.jpg 150w, https:\/\/asso.graie.org\/portail\/wp-content\/uploads\/2021\/11\/bertrand-morandini-miniature-100x100.jpg 100w\" sizes=\"(max-width: 200px) 100vw, 200px\" \/><\/figure><\/div>\n\n\n<a class=\"lightbox-enabled\" href=\"https:\/\/asso.graie.org\/portail\/bertrand-morandi\/\" data-caption=\"\" title=\"\"> Bertrand MORANDI, Chef de projet Rh\u00f4ne<\/a>\n\n\n\n<div style=\"height:45px\" aria-hidden=\"true\" class=\"wp-block-spacer\"><\/div>\n\n\n\n<div class=\"wp-block-buttons is-content-justification-left is-layout-flex wp-container-10 wp-block-buttons-is-layout-flex\">\n<div class=\"wp-block-button aligncenter\"><a class=\"wp-block-button__link has-white-color has-luminous-vivid-orange-background-color has-text-color has-background\" href=\"https:\/\/observatoire-sediments-rhone.fr\/\"><strong>Acc\u00e9der au nouveau site<\/strong><\/a><\/div>\n<\/div>\n\n\n\n<div style=\"height:24px\" aria-hidden=\"true\" class=\"wp-block-spacer\"><\/div>\n\n\n\n<p><\/p>\n","protected":false},"excerpt":{"rendered":"<p>Un observatoire des s\u00e9diments du Rh\u00f4ne Acc\u00e9der au nouveau site de l&rsquo;OSR Cr\u00e9\u00e9 en 2009, l&rsquo;OSR &#8211; Observatoire des S\u00e9diments du Rh\u00f4ne &#8211; vise \u00e0 produire et collecter des donn\u00e9es permettant de caract\u00e9riser les flux de mati\u00e8re en suspension, les &hellip;<\/p>\n","protected":false},"author":1,"featured_media":0,"parent":1098,"menu_order":0,"comment_status":"closed","ping_status":"closed","template":"","meta":{"_mi_skip_tracking":false,"footnotes":""},"acf":[],"yoast_head":"<!-- This site is optimized with the Yoast SEO plugin v19.13 - https:\/\/yoast.com\/wordpress\/plugins\/seo\/ -->\n<title>OSR | Dispositif de recherche | Le Graie<\/title>\n<meta name=\"description\" content=\"L&#039;OSR (Observatoire des S\u00e9diments du Rh\u00f4ne) vise \u00e0 collecter des donn\u00e9es concernant les flux de mati\u00e8re en suspension, les stocks s\u00e9dimentaires et les pollutions associ\u00e9es.\" \/>\n<meta name=\"robots\" content=\"index, follow, max-snippet:-1, max-image-preview:large, max-video-preview:-1\" \/>\n<link rel=\"canonical\" href=\"https:\/\/asso.graie.org\/portail\/recherche\/osr\/\" \/>\n<meta property=\"og:locale\" content=\"fr_FR\" \/>\n<meta property=\"og:type\" content=\"article\" \/>\n<meta property=\"og:title\" content=\"OSR | Dispositif de recherche | Le Graie\" \/>\n<meta property=\"og:description\" content=\"L&#039;OSR (Observatoire des S\u00e9diments du Rh\u00f4ne) vise \u00e0 collecter des donn\u00e9es concernant les flux de mati\u00e8re en suspension, les stocks s\u00e9dimentaires et les pollutions associ\u00e9es.\" \/>\n<meta property=\"og:url\" content=\"https:\/\/asso.graie.org\/portail\/recherche\/osr\/\" \/>\n<meta property=\"og:site_name\" content=\"Graie\" \/>\n<meta property=\"article:modified_time\" content=\"2024-04-22T09:51:58+00:00\" \/>\n<meta property=\"og:image\" content=\"https:\/\/asso.graie.org\/portail\/wp-content\/uploads\/2022\/09\/JT-OSR-1024x358.png\" \/>\n<meta name=\"twitter:card\" content=\"summary_large_image\" \/>\n<meta name=\"twitter:site\" content=\"@asso_graie\" \/>\n<meta name=\"twitter:label1\" content=\"Dur\u00e9e de lecture estim\u00e9e\" \/>\n\t<meta name=\"twitter:data1\" content=\"4 minutes\" \/>\n<script type=\"application\/ld+json\" class=\"yoast-schema-graph\">{\"@context\":\"https:\/\/schema.org\",\"@graph\":[{\"@type\":\"WebPage\",\"@id\":\"https:\/\/asso.graie.org\/portail\/recherche\/osr\/\",\"url\":\"https:\/\/asso.graie.org\/portail\/recherche\/osr\/\",\"name\":\"OSR | Dispositif de recherche | Le Graie\",\"isPartOf\":{\"@id\":\"https:\/\/asso.graie.org\/portail\/#website\"},\"datePublished\":\"2017-06-30T07:09:21+00:00\",\"dateModified\":\"2024-04-22T09:51:58+00:00\",\"description\":\"L'OSR (Observatoire des S\u00e9diments du Rh\u00f4ne) vise \u00e0 collecter des donn\u00e9es concernant les flux de mati\u00e8re en suspension, les stocks s\u00e9dimentaires et les pollutions associ\u00e9es.\",\"breadcrumb\":{\"@id\":\"https:\/\/asso.graie.org\/portail\/recherche\/osr\/#breadcrumb\"},\"inLanguage\":\"fr-FR\",\"potentialAction\":[{\"@type\":\"ReadAction\",\"target\":[\"https:\/\/asso.graie.org\/portail\/recherche\/osr\/\"]}]},{\"@type\":\"BreadcrumbList\",\"@id\":\"https:\/\/asso.graie.org\/portail\/recherche\/osr\/#breadcrumb\",\"itemListElement\":[{\"@type\":\"ListItem\",\"position\":1,\"name\":\"Accueil\",\"item\":\"https:\/\/asso.graie.org\/portail\/\"},{\"@type\":\"ListItem\",\"position\":2,\"name\":\"Recherche\",\"item\":\"https:\/\/asso.graie.org\/portail\/recherche\/\"},{\"@type\":\"ListItem\",\"position\":3,\"name\":\"OSR\"}]},{\"@type\":\"WebSite\",\"@id\":\"https:\/\/asso.graie.org\/portail\/#website\",\"url\":\"https:\/\/asso.graie.org\/portail\/\",\"name\":\"Graie\",\"description\":\"P\u00f4le Eau et Territoires\",\"publisher\":{\"@id\":\"https:\/\/asso.graie.org\/portail\/#organization\"},\"potentialAction\":[{\"@type\":\"SearchAction\",\"target\":{\"@type\":\"EntryPoint\",\"urlTemplate\":\"https:\/\/asso.graie.org\/portail\/?s={search_term_string}\"},\"query-input\":\"required name=search_term_string\"}],\"inLanguage\":\"fr-FR\"},{\"@type\":\"Organization\",\"@id\":\"https:\/\/asso.graie.org\/portail\/#organization\",\"name\":\"Le Graie\",\"url\":\"https:\/\/asso.graie.org\/portail\/\",\"logo\":{\"@type\":\"ImageObject\",\"inLanguage\":\"fr-FR\",\"@id\":\"https:\/\/asso.graie.org\/portail\/#\/schema\/logo\/image\/\",\"url\":\"https:\/\/asso.graie.org\/portail\/wp-content\/uploads\/2021\/12\/Logotype-Graie.png\",\"contentUrl\":\"https:\/\/asso.graie.org\/portail\/wp-content\/uploads\/2021\/12\/Logotype-Graie.png\",\"width\":1890,\"height\":1181,\"caption\":\"Le Graie\"},\"image\":{\"@id\":\"https:\/\/asso.graie.org\/portail\/#\/schema\/logo\/image\/\"},\"sameAs\":[\"https:\/\/fr.linkedin.com\/company\/graie?trk=top_nav_home\",\"https:\/\/www.youtube.com\/channel\/UCZQk0Tt7upYwERYNdDIZqLQ\",\"https:\/\/twitter.com\/asso_graie\"]}]}<\/script>\n<!-- \/ Yoast SEO plugin. -->","yoast_head_json":{"title":"OSR | Dispositif de recherche | Le Graie","description":"L'OSR (Observatoire des S\u00e9diments du Rh\u00f4ne) vise \u00e0 collecter des donn\u00e9es concernant les flux de mati\u00e8re en suspension, les stocks s\u00e9dimentaires et les pollutions associ\u00e9es.","robots":{"index":"index","follow":"follow","max-snippet":"max-snippet:-1","max-image-preview":"max-image-preview:large","max-video-preview":"max-video-preview:-1"},"canonical":"https:\/\/asso.graie.org\/portail\/recherche\/osr\/","og_locale":"fr_FR","og_type":"article","og_title":"OSR | Dispositif de recherche | Le Graie","og_description":"L'OSR (Observatoire des S\u00e9diments du Rh\u00f4ne) vise \u00e0 collecter des donn\u00e9es concernant les flux de mati\u00e8re en suspension, les stocks s\u00e9dimentaires et les pollutions associ\u00e9es.","og_url":"https:\/\/asso.graie.org\/portail\/recherche\/osr\/","og_site_name":"Graie","article_modified_time":"2024-04-22T09:51:58+00:00","og_image":[{"url":"https:\/\/asso.graie.org\/portail\/wp-content\/uploads\/2022\/09\/JT-OSR-1024x358.png"}],"twitter_card":"summary_large_image","twitter_site":"@asso_graie","twitter_misc":{"Dur\u00e9e de lecture estim\u00e9e":"4 minutes"},"schema":{"@context":"https:\/\/schema.org","@graph":[{"@type":"WebPage","@id":"https:\/\/asso.graie.org\/portail\/recherche\/osr\/","url":"https:\/\/asso.graie.org\/portail\/recherche\/osr\/","name":"OSR | Dispositif de recherche | Le Graie","isPartOf":{"@id":"https:\/\/asso.graie.org\/portail\/#website"},"datePublished":"2017-06-30T07:09:21+00:00","dateModified":"2024-04-22T09:51:58+00:00","description":"L'OSR (Observatoire des S\u00e9diments du Rh\u00f4ne) vise \u00e0 collecter des donn\u00e9es concernant les flux de mati\u00e8re en suspension, les stocks s\u00e9dimentaires et les pollutions associ\u00e9es.","breadcrumb":{"@id":"https:\/\/asso.graie.org\/portail\/recherche\/osr\/#breadcrumb"},"inLanguage":"fr-FR","potentialAction":[{"@type":"ReadAction","target":["https:\/\/asso.graie.org\/portail\/recherche\/osr\/"]}]},{"@type":"BreadcrumbList","@id":"https:\/\/asso.graie.org\/portail\/recherche\/osr\/#breadcrumb","itemListElement":[{"@type":"ListItem","position":1,"name":"Accueil","item":"https:\/\/asso.graie.org\/portail\/"},{"@type":"ListItem","position":2,"name":"Recherche","item":"https:\/\/asso.graie.org\/portail\/recherche\/"},{"@type":"ListItem","position":3,"name":"OSR"}]},{"@type":"WebSite","@id":"https:\/\/asso.graie.org\/portail\/#website","url":"https:\/\/asso.graie.org\/portail\/","name":"Graie","description":"P\u00f4le Eau et Territoires","publisher":{"@id":"https:\/\/asso.graie.org\/portail\/#organization"},"potentialAction":[{"@type":"SearchAction","target":{"@type":"EntryPoint","urlTemplate":"https:\/\/asso.graie.org\/portail\/?s={search_term_string}"},"query-input":"required name=search_term_string"}],"inLanguage":"fr-FR"},{"@type":"Organization","@id":"https:\/\/asso.graie.org\/portail\/#organization","name":"Le Graie","url":"https:\/\/asso.graie.org\/portail\/","logo":{"@type":"ImageObject","inLanguage":"fr-FR","@id":"https:\/\/asso.graie.org\/portail\/#\/schema\/logo\/image\/","url":"https:\/\/asso.graie.org\/portail\/wp-content\/uploads\/2021\/12\/Logotype-Graie.png","contentUrl":"https:\/\/asso.graie.org\/portail\/wp-content\/uploads\/2021\/12\/Logotype-Graie.png","width":1890,"height":1181,"caption":"Le Graie"},"image":{"@id":"https:\/\/asso.graie.org\/portail\/#\/schema\/logo\/image\/"},"sameAs":["https:\/\/fr.linkedin.com\/company\/graie?trk=top_nav_home","https:\/\/www.youtube.com\/channel\/UCZQk0Tt7upYwERYNdDIZqLQ","https:\/\/twitter.com\/asso_graie"]}]}},"_links":{"self":[{"href":"https:\/\/asso.graie.org\/portail\/wp-json\/wp\/v2\/pages\/1257"}],"collection":[{"href":"https:\/\/asso.graie.org\/portail\/wp-json\/wp\/v2\/pages"}],"about":[{"href":"https:\/\/asso.graie.org\/portail\/wp-json\/wp\/v2\/types\/page"}],"author":[{"embeddable":true,"href":"https:\/\/asso.graie.org\/portail\/wp-json\/wp\/v2\/users\/1"}],"replies":[{"embeddable":true,"href":"https:\/\/asso.graie.org\/portail\/wp-json\/wp\/v2\/comments?post=1257"}],"version-history":[{"count":17,"href":"https:\/\/asso.graie.org\/portail\/wp-json\/wp\/v2\/pages\/1257\/revisions"}],"predecessor-version":[{"id":25869,"href":"https:\/\/asso.graie.org\/portail\/wp-json\/wp\/v2\/pages\/1257\/revisions\/25869"}],"up":[{"embeddable":true,"href":"https:\/\/asso.graie.org\/portail\/wp-json\/wp\/v2\/pages\/1098"}],"wp:attachment":[{"href":"https:\/\/asso.graie.org\/portail\/wp-json\/wp\/v2\/media?parent=1257"}],"curies":[{"name":"wp","href":"https:\/\/api.w.org\/{rel}","templated":true}]}}