{"id":1259,"date":"2017-06-30T09:09:34","date_gmt":"2017-06-30T07:09:34","guid":{"rendered":"https:\/\/asso.graie.org\/portail\/?page_id=1259"},"modified":"2023-09-26T15:17:56","modified_gmt":"2023-09-26T13:17:56","slug":"ohm-vr","status":"publish","type":"page","link":"https:\/\/asso.graie.org\/portail\/recherche\/ohm-vr\/","title":{"rendered":"OHM VR"},"content":{"rendered":"\n<div style=\"height:44px\" aria-hidden=\"true\" class=\"wp-block-spacer\"><\/div>\n\n\n\n<h2 class=\"wp-block-heading\">Un observatoire hommes-milieux vall\u00e9e du Rh\u00f4ne<\/h2>\n\n\n\n<div style=\"height:32px\" aria-hidden=\"true\" class=\"wp-block-spacer\"><\/div>\n\n\n\n<p><strong>L\u2019OHM VR <\/strong>&#8211; Observatoire Hommes-Milieux Vall\u00e9e du Rh\u00f4ne &#8211;<strong>&nbsp;<\/strong>est un dispositif de recherche cr\u00e9\u00e9 par l&rsquo;Institut \u00c9cologie et Environnement (InEE) en 2010 et inscrit dans le LabEx DRIIHM (Dispositif de Recherche Interdisciplinaire sur les Interactions Hommes-Milieux) depuis 2012.<\/p>\n\n\n\n<div style=\"height:48px\" aria-hidden=\"true\" class=\"wp-block-spacer\"><\/div>\n\n\n\n<div class=\"wp-block-image is-style-default\"><figure class=\"aligncenter\"><img decoding=\"async\" loading=\"lazy\" width=\"1200\" height=\"200\" src=\"https:\/\/asso.graie.org\/portail\/wp-content\/uploads\/2017\/08\/MontagePageOHM.jpg\" alt=\"OHM\" class=\"wp-image-2755\" srcset=\"https:\/\/asso.graie.org\/portail\/wp-content\/uploads\/2017\/08\/MontagePageOHM.jpg 1200w, https:\/\/asso.graie.org\/portail\/wp-content\/uploads\/2017\/08\/MontagePageOHM-600x100.jpg 600w, https:\/\/asso.graie.org\/portail\/wp-content\/uploads\/2017\/08\/MontagePageOHM-300x50.jpg 300w, https:\/\/asso.graie.org\/portail\/wp-content\/uploads\/2017\/08\/MontagePageOHM-768x128.jpg 768w, https:\/\/asso.graie.org\/portail\/wp-content\/uploads\/2017\/08\/MontagePageOHM-1024x171.jpg 1024w\" sizes=\"(max-width: 1200px) 100vw, 1200px\" \/><\/figure><\/div>\n\n\n\n<div style=\"height:48px\" aria-hidden=\"true\" class=\"wp-block-spacer\"><\/div>\n\n\n\n<p>L\u2019OHM VR <strong>d\u00e9veloppe des projets de recherche<\/strong> qui questionnent l&rsquo;<strong>\u00e9volution contemporaine du fleuve<\/strong> et sa gestion en lien avec les grands programmes de recherche d\u00e9j\u00e0 existants comme <a href=\"https:\/\/asso.graie.org\/portail\/dispositifsderecherche\/osr\/\">l\u2019Observatoire des S\u00e9diments du Rh\u00f4ne<\/a> et le programme <strong>Rh\u00f4nEco<\/strong> \u2013 suivi scientifique de la restauration hydraulique et \u00e9cologique du Rh\u00f4ne. Les chercheurs analysent la mise en \u0153uvre op\u00e9rationnelle d\u2019une gestion durable, via le Plan Rh\u00f4ne notamment, tout en alimentant le d\u00e9bat public et les strat\u00e9gies de gestion par la production de connaissances sur le <strong>fonctionnement socio-\u00e9cosyst\u00e9mique du fleuve<\/strong>.<\/p>\n\n\n\n<div style=\"height:48px\" aria-hidden=\"true\" class=\"wp-block-spacer\"><\/div>\n\n\n\n<p>L\u2019OHM Vall\u00e9e du Rh\u00f4ne a pour emprise g\u00e9ographique le corridor fluvial du L\u00e9man \u00e0 la M\u00e9diterran\u00e9e, c&rsquo;est-\u00e0-dire le fleuve, ses marges, sa plaine alluviale, les principales confluences et le delta. Son activit\u00e9 scientifique s\u2019organise autour de<strong> six grandes th\u00e9matiques<\/strong>&nbsp;: (1) Trajectoire g\u00e9o-historique et ruptures, (2) Applications territoriales du d\u00e9veloppement durable, (3) Fonctionnement socio-\u00e9cosyst\u00e9mique, (4) Risques environnementaux, (5) Restauration et renaturation, (6) Nouveaux outils.<\/p>\n\n\n\n<div style=\"height:48px\" aria-hidden=\"true\" class=\"wp-block-spacer\"><\/div>\n\n\n\n<p><strong>Le Graie assure avec le CNRS l\u2019animation de cet observatoire dont l\u2019activit\u00e9 s\u2019inscrit pleinement dans la <a href=\"https:\/\/asso.graie.org\/portail\/dispositifsderecherche\/zabr\/\">ZABR<\/a>.<\/strong><\/p>\n\n\n\n<div style=\"height:48px\" aria-hidden=\"true\" class=\"wp-block-spacer\"><\/div>\n\n\n\n<div class=\"wp-block-image is-style-default\"><figure class=\"aligncenter size-full\"><img decoding=\"async\" loading=\"lazy\" width=\"1600\" height=\"1400\" src=\"https:\/\/asso.graie.org\/portail\/wp-content\/uploads\/2023\/09\/Modele_logos_OHM_2023.jpg\" alt=\"\" class=\"wp-image-24315\" srcset=\"https:\/\/asso.graie.org\/portail\/wp-content\/uploads\/2023\/09\/Modele_logos_OHM_2023.jpg 1600w, https:\/\/asso.graie.org\/portail\/wp-content\/uploads\/2023\/09\/Modele_logos_OHM_2023-300x263.jpg 300w, https:\/\/asso.graie.org\/portail\/wp-content\/uploads\/2023\/09\/Modele_logos_OHM_2023-1024x896.jpg 1024w, https:\/\/asso.graie.org\/portail\/wp-content\/uploads\/2023\/09\/Modele_logos_OHM_2023-768x672.jpg 768w, https:\/\/asso.graie.org\/portail\/wp-content\/uploads\/2023\/09\/Modele_logos_OHM_2023-1536x1344.jpg 1536w\" sizes=\"(max-width: 1600px) 100vw, 1600px\" \/><\/figure><\/div>\n\n\n\n<div style=\"height:48px\" aria-hidden=\"true\" class=\"wp-block-spacer\"><\/div>\n\n\n\n<hr class=\"wp-block-separator\"\/>\n\n\n\n<div style=\"height:26px\" aria-hidden=\"true\" class=\"wp-block-spacer\"><\/div>\n\n\n\n<p><strong>Contact :<\/strong><\/p>\n\n\n\n<div class=\"wp-block-image is-style-default\"><figure class=\"alignleft\"><img decoding=\"async\" loading=\"lazy\" width=\"200\" height=\"200\" src=\"https:\/\/asso.graie.org\/portail\/wp-content\/uploads\/2021\/11\/bertrand-morandini-miniature.jpg\" alt=\"Bertrand Morandi\" class=\"wp-image-18792\" srcset=\"https:\/\/asso.graie.org\/portail\/wp-content\/uploads\/2021\/11\/bertrand-morandini-miniature.jpg 200w, https:\/\/asso.graie.org\/portail\/wp-content\/uploads\/2021\/11\/bertrand-morandini-miniature-150x150.jpg 150w, https:\/\/asso.graie.org\/portail\/wp-content\/uploads\/2021\/11\/bertrand-morandini-miniature-100x100.jpg 100w\" sizes=\"(max-width: 200px) 100vw, 200px\" \/><\/figure><\/div>\n\n\n<a class=\"lightbox-enabled\" href=\"https:\/\/asso.graie.org\/portail\/bertrand-morandi\/\" data-caption=\"\" title=\"\"> Bertrand MORANDI, Chef de projet Rh\u00f4ne<\/a>\n\n\n\n<p><a href=\"http:\/\/www.ohm-vr.org\/\" target=\"_blank\" rel=\"noopener noreferrer\"><a href=\"https:\/\/ohm-vallee-du-rhone.fr\/\" class=\"shortc-button medium blue \"><span class=\"fa  fa-plus-circle \" aria-hidden=\"true\"><\/span> Acc\u00e9der au site internet de l&rsquo;OHM Vall\u00e9e du Rh\u00f4ne<\/a><\/a><\/p>\n","protected":false},"excerpt":{"rendered":"<p>Un observatoire hommes-milieux vall\u00e9e du Rh\u00f4ne L\u2019OHM VR &#8211; Observatoire Hommes-Milieux Vall\u00e9e du Rh\u00f4ne &#8211;&nbsp;est un dispositif de recherche cr\u00e9\u00e9 par l&rsquo;Institut \u00c9cologie et Environnement (InEE) en 2010 et inscrit dans le LabEx DRIIHM (Dispositif de Recherche Interdisciplinaire sur les &hellip;<\/p>\n","protected":false},"author":1,"featured_media":0,"parent":1098,"menu_order":0,"comment_status":"closed","ping_status":"closed","template":"","meta":{"_mi_skip_tracking":false,"footnotes":""},"acf":[],"yoast_head":"<!-- This site is optimized with the Yoast SEO plugin v19.13 - https:\/\/yoast.com\/wordpress\/plugins\/seo\/ -->\n<title>OHM VR | Dispositif de recherche | Le Graie<\/title>\n<meta name=\"description\" content=\"L\u2019OHM VR (Observatoire Hommes-Milieux Vall\u00e9e du Rh\u00f4ne)\u00a0est un dispositif de recherche cr\u00e9\u00e9 par l&#039;Institut \u00c9cologie et Environnement (InEE) en 2010.\" \/>\n<meta name=\"robots\" content=\"index, follow, max-snippet:-1, max-image-preview:large, max-video-preview:-1\" \/>\n<link rel=\"canonical\" href=\"https:\/\/asso.graie.org\/portail\/recherche\/ohm-vr\/\" \/>\n<meta property=\"og:locale\" content=\"fr_FR\" \/>\n<meta property=\"og:type\" content=\"article\" \/>\n<meta property=\"og:title\" content=\"OHM VR | Dispositif de recherche | Le Graie\" \/>\n<meta property=\"og:description\" content=\"L\u2019OHM VR (Observatoire Hommes-Milieux Vall\u00e9e du Rh\u00f4ne)\u00a0est un dispositif de recherche cr\u00e9\u00e9 par l&#039;Institut \u00c9cologie et Environnement (InEE) en 2010.\" \/>\n<meta property=\"og:url\" content=\"https:\/\/asso.graie.org\/portail\/recherche\/ohm-vr\/\" \/>\n<meta property=\"og:site_name\" content=\"Graie\" \/>\n<meta property=\"article:modified_time\" content=\"2023-09-26T13:17:56+00:00\" \/>\n<meta property=\"og:image\" content=\"https:\/\/asso.graie.org\/portail\/wp-content\/uploads\/2017\/08\/MontagePageOHM.jpg\" \/>\n<meta name=\"twitter:card\" content=\"summary_large_image\" \/>\n<meta name=\"twitter:site\" content=\"@asso_graie\" \/>\n<meta name=\"twitter:label1\" content=\"Dur\u00e9e de lecture estim\u00e9e\" \/>\n\t<meta name=\"twitter:data1\" content=\"2 minutes\" \/>\n<script type=\"application\/ld+json\" class=\"yoast-schema-graph\">{\"@context\":\"https:\/\/schema.org\",\"@graph\":[{\"@type\":\"WebPage\",\"@id\":\"https:\/\/asso.graie.org\/portail\/recherche\/ohm-vr\/\",\"url\":\"https:\/\/asso.graie.org\/portail\/recherche\/ohm-vr\/\",\"name\":\"OHM VR | Dispositif de recherche | Le Graie\",\"isPartOf\":{\"@id\":\"https:\/\/asso.graie.org\/portail\/#website\"},\"datePublished\":\"2017-06-30T07:09:34+00:00\",\"dateModified\":\"2023-09-26T13:17:56+00:00\",\"description\":\"L\u2019OHM VR (Observatoire Hommes-Milieux Vall\u00e9e du Rh\u00f4ne)\u00a0est un dispositif de recherche cr\u00e9\u00e9 par l'Institut \u00c9cologie et Environnement (InEE) en 2010.\",\"breadcrumb\":{\"@id\":\"https:\/\/asso.graie.org\/portail\/recherche\/ohm-vr\/#breadcrumb\"},\"inLanguage\":\"fr-FR\",\"potentialAction\":[{\"@type\":\"ReadAction\",\"target\":[\"https:\/\/asso.graie.org\/portail\/recherche\/ohm-vr\/\"]}]},{\"@type\":\"BreadcrumbList\",\"@id\":\"https:\/\/asso.graie.org\/portail\/recherche\/ohm-vr\/#breadcrumb\",\"itemListElement\":[{\"@type\":\"ListItem\",\"position\":1,\"name\":\"Accueil\",\"item\":\"https:\/\/asso.graie.org\/portail\/\"},{\"@type\":\"ListItem\",\"position\":2,\"name\":\"Recherche\",\"item\":\"https:\/\/asso.graie.org\/portail\/recherche\/\"},{\"@type\":\"ListItem\",\"position\":3,\"name\":\"OHM VR\"}]},{\"@type\":\"WebSite\",\"@id\":\"https:\/\/asso.graie.org\/portail\/#website\",\"url\":\"https:\/\/asso.graie.org\/portail\/\",\"name\":\"Graie\",\"description\":\"P\u00f4le Eau et Territoires\",\"publisher\":{\"@id\":\"https:\/\/asso.graie.org\/portail\/#organization\"},\"potentialAction\":[{\"@type\":\"SearchAction\",\"target\":{\"@type\":\"EntryPoint\",\"urlTemplate\":\"https:\/\/asso.graie.org\/portail\/?s={search_term_string}\"},\"query-input\":\"required name=search_term_string\"}],\"inLanguage\":\"fr-FR\"},{\"@type\":\"Organization\",\"@id\":\"https:\/\/asso.graie.org\/portail\/#organization\",\"name\":\"Le Graie\",\"url\":\"https:\/\/asso.graie.org\/portail\/\",\"logo\":{\"@type\":\"ImageObject\",\"inLanguage\":\"fr-FR\",\"@id\":\"https:\/\/asso.graie.org\/portail\/#\/schema\/logo\/image\/\",\"url\":\"https:\/\/asso.graie.org\/portail\/wp-content\/uploads\/2021\/12\/Logotype-Graie.png\",\"contentUrl\":\"https:\/\/asso.graie.org\/portail\/wp-content\/uploads\/2021\/12\/Logotype-Graie.png\",\"width\":1890,\"height\":1181,\"caption\":\"Le Graie\"},\"image\":{\"@id\":\"https:\/\/asso.graie.org\/portail\/#\/schema\/logo\/image\/\"},\"sameAs\":[\"https:\/\/fr.linkedin.com\/company\/graie?trk=top_nav_home\",\"https:\/\/www.youtube.com\/channel\/UCZQk0Tt7upYwERYNdDIZqLQ\",\"https:\/\/twitter.com\/asso_graie\"]}]}<\/script>\n<!-- \/ Yoast SEO plugin. -->","yoast_head_json":{"title":"OHM VR | Dispositif de recherche | Le Graie","description":"L\u2019OHM VR (Observatoire Hommes-Milieux Vall\u00e9e du Rh\u00f4ne)\u00a0est un dispositif de recherche cr\u00e9\u00e9 par l'Institut \u00c9cologie et Environnement (InEE) en 2010.","robots":{"index":"index","follow":"follow","max-snippet":"max-snippet:-1","max-image-preview":"max-image-preview:large","max-video-preview":"max-video-preview:-1"},"canonical":"https:\/\/asso.graie.org\/portail\/recherche\/ohm-vr\/","og_locale":"fr_FR","og_type":"article","og_title":"OHM VR | Dispositif de recherche | Le Graie","og_description":"L\u2019OHM VR (Observatoire Hommes-Milieux Vall\u00e9e du Rh\u00f4ne)\u00a0est un dispositif de recherche cr\u00e9\u00e9 par l'Institut \u00c9cologie et Environnement (InEE) en 2010.","og_url":"https:\/\/asso.graie.org\/portail\/recherche\/ohm-vr\/","og_site_name":"Graie","article_modified_time":"2023-09-26T13:17:56+00:00","og_image":[{"url":"https:\/\/asso.graie.org\/portail\/wp-content\/uploads\/2017\/08\/MontagePageOHM.jpg"}],"twitter_card":"summary_large_image","twitter_site":"@asso_graie","twitter_misc":{"Dur\u00e9e de lecture estim\u00e9e":"2 minutes"},"schema":{"@context":"https:\/\/schema.org","@graph":[{"@type":"WebPage","@id":"https:\/\/asso.graie.org\/portail\/recherche\/ohm-vr\/","url":"https:\/\/asso.graie.org\/portail\/recherche\/ohm-vr\/","name":"OHM VR | Dispositif de recherche | Le Graie","isPartOf":{"@id":"https:\/\/asso.graie.org\/portail\/#website"},"datePublished":"2017-06-30T07:09:34+00:00","dateModified":"2023-09-26T13:17:56+00:00","description":"L\u2019OHM VR (Observatoire Hommes-Milieux Vall\u00e9e du Rh\u00f4ne)\u00a0est un dispositif de recherche cr\u00e9\u00e9 par l'Institut \u00c9cologie et Environnement (InEE) en 2010.","breadcrumb":{"@id":"https:\/\/asso.graie.org\/portail\/recherche\/ohm-vr\/#breadcrumb"},"inLanguage":"fr-FR","potentialAction":[{"@type":"ReadAction","target":["https:\/\/asso.graie.org\/portail\/recherche\/ohm-vr\/"]}]},{"@type":"BreadcrumbList","@id":"https:\/\/asso.graie.org\/portail\/recherche\/ohm-vr\/#breadcrumb","itemListElement":[{"@type":"ListItem","position":1,"name":"Accueil","item":"https:\/\/asso.graie.org\/portail\/"},{"@type":"ListItem","position":2,"name":"Recherche","item":"https:\/\/asso.graie.org\/portail\/recherche\/"},{"@type":"ListItem","position":3,"name":"OHM VR"}]},{"@type":"WebSite","@id":"https:\/\/asso.graie.org\/portail\/#website","url":"https:\/\/asso.graie.org\/portail\/","name":"Graie","description":"P\u00f4le Eau et Territoires","publisher":{"@id":"https:\/\/asso.graie.org\/portail\/#organization"},"potentialAction":[{"@type":"SearchAction","target":{"@type":"EntryPoint","urlTemplate":"https:\/\/asso.graie.org\/portail\/?s={search_term_string}"},"query-input":"required name=search_term_string"}],"inLanguage":"fr-FR"},{"@type":"Organization","@id":"https:\/\/asso.graie.org\/portail\/#organization","name":"Le Graie","url":"https:\/\/asso.graie.org\/portail\/","logo":{"@type":"ImageObject","inLanguage":"fr-FR","@id":"https:\/\/asso.graie.org\/portail\/#\/schema\/logo\/image\/","url":"https:\/\/asso.graie.org\/portail\/wp-content\/uploads\/2021\/12\/Logotype-Graie.png","contentUrl":"https:\/\/asso.graie.org\/portail\/wp-content\/uploads\/2021\/12\/Logotype-Graie.png","width":1890,"height":1181,"caption":"Le Graie"},"image":{"@id":"https:\/\/asso.graie.org\/portail\/#\/schema\/logo\/image\/"},"sameAs":["https:\/\/fr.linkedin.com\/company\/graie?trk=top_nav_home","https:\/\/www.youtube.com\/channel\/UCZQk0Tt7upYwERYNdDIZqLQ","https:\/\/twitter.com\/asso_graie"]}]}},"_links":{"self":[{"href":"https:\/\/asso.graie.org\/portail\/wp-json\/wp\/v2\/pages\/1259"}],"collection":[{"href":"https:\/\/asso.graie.org\/portail\/wp-json\/wp\/v2\/pages"}],"about":[{"href":"https:\/\/asso.graie.org\/portail\/wp-json\/wp\/v2\/types\/page"}],"author":[{"embeddable":true,"href":"https:\/\/asso.graie.org\/portail\/wp-json\/wp\/v2\/users\/1"}],"replies":[{"embeddable":true,"href":"https:\/\/asso.graie.org\/portail\/wp-json\/wp\/v2\/comments?post=1259"}],"version-history":[{"count":12,"href":"https:\/\/asso.graie.org\/portail\/wp-json\/wp\/v2\/pages\/1259\/revisions"}],"predecessor-version":[{"id":24318,"href":"https:\/\/asso.graie.org\/portail\/wp-json\/wp\/v2\/pages\/1259\/revisions\/24318"}],"up":[{"embeddable":true,"href":"https:\/\/asso.graie.org\/portail\/wp-json\/wp\/v2\/pages\/1098"}],"wp:attachment":[{"href":"https:\/\/asso.graie.org\/portail\/wp-json\/wp\/v2\/media?parent=1259"}],"curies":[{"name":"wp","href":"https:\/\/api.w.org\/{rel}","templated":true}]}}