{"id":19281,"date":"2021-11-24T17:10:50","date_gmt":"2021-11-24T16:10:50","guid":{"rendered":"https:\/\/asso.graie.org\/portail\/?page_id=19281"},"modified":"2025-10-31T09:20:04","modified_gmt":"2025-10-31T08:20:04","slug":"atelier-ville-permeable","status":"publish","type":"page","link":"https:\/\/asso.graie.org\/portail\/animationregionale\/animations-specifiques\/atelier-ville-permeable\/","title":{"rendered":"L&rsquo;Atelier Ville Perm\u00e9able"},"content":{"rendered":"\n<div class=\"wp-block-columns are-vertically-aligned-center is-layout-flex wp-container-4 wp-block-columns-is-layout-flex\">\n<div class=\"wp-block-column is-vertically-aligned-center is-layout-flow wp-block-column-is-layout-flow\">\n<figure class=\"wp-block-image size-full is-resized is-style-default\"><img decoding=\"async\" loading=\"lazy\" width=\"585\" height=\"649\" src=\"https:\/\/asso.graie.org\/portail\/wp-content\/uploads\/2023\/07\/AVP_Graie-3.png\" alt=\"\" class=\"wp-image-23582\" srcset=\"https:\/\/asso.graie.org\/portail\/wp-content\/uploads\/2023\/07\/AVP_Graie-3.png 585w, https:\/\/asso.graie.org\/portail\/wp-content\/uploads\/2023\/07\/AVP_Graie-3-270x300.png 270w\" sizes=\"(max-width: 585px) 100vw, 585px\" \/><\/figure>\n<\/div>\n\n\n\n<div class=\"wp-block-column is-vertically-aligned-center is-layout-flow wp-block-column-is-layout-flow\">\n<figure class=\"wp-block-image size-full is-resized is-style-default\"><img decoding=\"async\" loading=\"lazy\" width=\"594\" height=\"423\" src=\"https:\/\/asso.graie.org\/portail\/wp-content\/uploads\/2023\/07\/AVP_FNE-1.png\" alt=\"\" class=\"wp-image-23583\" srcset=\"https:\/\/asso.graie.org\/portail\/wp-content\/uploads\/2023\/07\/AVP_FNE-1.png 594w, https:\/\/asso.graie.org\/portail\/wp-content\/uploads\/2023\/07\/AVP_FNE-1-300x214.png 300w\" sizes=\"(max-width: 594px) 100vw, 594px\" \/><\/figure>\n<\/div>\n\n\n\n<div class=\"wp-block-column is-vertically-aligned-center is-layout-flow wp-block-column-is-layout-flow\">\n<figure class=\"wp-block-image size-full is-resized is-style-default\"><img decoding=\"async\" loading=\"lazy\" width=\"775\" height=\"463\" src=\"https:\/\/asso.graie.org\/portail\/wp-content\/uploads\/2023\/07\/AVP_CAUE-2.png\" alt=\"\" class=\"wp-image-23584\" srcset=\"https:\/\/asso.graie.org\/portail\/wp-content\/uploads\/2023\/07\/AVP_CAUE-2.png 775w, https:\/\/asso.graie.org\/portail\/wp-content\/uploads\/2023\/07\/AVP_CAUE-2-300x179.png 300w, https:\/\/asso.graie.org\/portail\/wp-content\/uploads\/2023\/07\/AVP_CAUE-2-768x459.png 768w\" sizes=\"(max-width: 775px) 100vw, 775px\" \/><\/figure>\n<\/div>\n<\/div>\n\n\n\n<div class=\"wp-block-buttons is-layout-flex wp-block-buttons-is-layout-flex\">\n<div class=\"wp-block-button aligncenter\"><a class=\"wp-block-button__link has-white-color has-vivid-cyan-blue-background-color has-text-color has-background wp-element-button\" href=\"https:\/\/asso.graie.org\/portail\/wp-content\/uploads\/2023\/07\/Presentation-AVP-1.pdf\"><strong>T\u00e9l\u00e9chargez la pr\u00e9sentation de l&rsquo;Atelier ! <\/strong><\/a><\/div>\n<\/div>\n\n\n\n<h2 class=\"wp-block-heading\">&nbsp;<\/h2>\n\n\n\n<h2 class=\"wp-block-heading\"><b>Trois r\u00e9seaux pour impulser la gestion int\u00e9gr\u00e9e de l\u2019eau pluviale dans la r\u00e9gion Auvergne-Rh\u00f4ne-Alpes<\/b><\/h2>\n\n\n\n<div style=\"height:48px\" aria-hidden=\"true\" class=\"wp-block-spacer\"><\/div>\n\n\n\n<h4 class=\"wp-block-heading\"><b>Le Graie s&rsquo;unit \u00e0 FNE AuRA e<\/b>t les CAUE pour \u00e9pauler les collectivit\u00e9s dans le lancement d\u2019actions en faveur de la gestion int\u00e9gr\u00e9e de l\u2019eau dans la ville<\/h4>\n\n\n\n<p><a href=\"https:\/\/www.fne-aura.org\/\">FNE AURA,<\/a> le Graie et les CAUE cr\u00e9ent l\u2019<strong>Atelier Ville Perm\u00e9able<\/strong> (AVP) pour insuffler et consolider la gestion int\u00e9gr\u00e9e des eaux pluviales dans les collectivit\u00e9s de la r\u00e9gion Auvergne-Rh\u00f4ne-Alpes. Les deux associations combinent leurs champs d\u2019action en hydrologie urbaine et environnement ; leurs modes de faire et leurs r\u00e9seaux pour agir aupr\u00e8s des territoires.<\/p>\n\n\n\n<p><strong><em>Vous avez un projet d\u2019am\u00e9nagement, un document de planification, une politique territoriale, des ateliers territoriaux \u00e0 mettre en \u0153uvre, et vous ne savez pas comment aborder la gestion de l\u2019eau pluviale&nbsp;? L\u2019Atelier Ville Perm\u00e9able est fait pour vous.<\/em><\/strong><\/p>\n\n\n\n<div style=\"height:40px\" aria-hidden=\"true\" class=\"wp-block-spacer\"><\/div>\n\n\n\n<h3 class=\"wp-block-heading\"><b data-olk-copy-source=\"MessageBody\">Une rencontre annuelle pour \u00e9largir l\u2019Atelier Ville Perm\u00e9able<\/b><\/h3>\n\n\n\n<p>Rencontre ouverte aux associations et acteurs publics avec pour objectif de cr\u00e9er un r\u00e9seau des structures qui peuvent <strong>accompagner les collectivit\u00e9s et ma\u00eetres d\u2019ouvrages<\/strong> pour la mise en \u0153uvre de solutions int\u00e9gr\u00e9es de gestion des eaux pluviales, dans une strat\u00e9gie d\u2019adaptation au changement climatique\u00a0: eaux pluviales, v\u00e9g\u00e9talisation et cadre de vie.\u00a0<\/p>\n\n\n\n<ul type=\"disc\">\n<li>Organisation &nbsp;d\u2019une 1<sup>\u00e8re<\/sup>&nbsp;rencontre \u00e9largie en septembre 2024 (45 participants) \u2013&nbsp;<a title=\"https:\/\/asso.graie.org\/portail\/journee-ville-permeable\/\" href=\"https:\/\/asso.graie.org\/portail\/journee-ville-permeable\/\" data-auth=\"NotApplicable\" data-linkindex=\"0\">programme et actes de la rencontre<\/a>.<\/li>\n\n\n\n<li>2<sup>e<\/sup>\u00a0rencontre organis\u00e9e le 30 septembre 2025 &#8211; <a href=\"https:\/\/asso.graie.org\/portail\/journee-ville-permeable-2\/\">programme et actes de la rencontre<\/a><\/li>\n\n\n\n<li>probalement une 3e rencontre en 2026 (si vous \u00eates int\u00e9ress\u00e9, <a href=\"mailto:villepermeable@framaliste.org\">contactez-nous<\/a>)<\/li>\n<\/ul>\n\n\n\n<div style=\"height:40px\" aria-hidden=\"true\" class=\"wp-block-spacer\"><\/div>\n\n\n\n<h3 class=\"wp-block-heading\"><b>Des regards compl\u00e9mentaires pour une approche int\u00e9gr\u00e9e<\/b><\/h3>\n\n\n\n<p>L\u2019Atelier Ville Perm\u00e9able vous propose de faire un pas de c\u00f4t\u00e9 en faveur d\u2019une gestion int\u00e9gr\u00e9e des eaux pluviales au moyen&nbsp;:<\/p>\n\n\n\n<ul>\n<li>D\u2019<strong>\u00e9changes informels<\/strong> autour de vos probl\u00e9matiques et enjeux,<\/li>\n\n\n\n<li>D\u2019<strong>ateliers de sensibilisation<\/strong> de diff\u00e9rents publics (habitants, agents des collectivit\u00e9s, acteurs de la fabrique urbaine, \u00e9lus, etc.)&nbsp;;<\/li>\n\n\n\n<li>De <strong>visites de sites et d\u2019ouvrages<\/strong> pour d\u00e9montrer l\u2019int\u00e9r\u00eat et le bon fonctionnement des solutions int\u00e9gr\u00e9es ou fond\u00e9es sur la nature&nbsp;;<\/li>\n\n\n\n<li>D\u2019un <strong>accompagnement d\u2019appoint<\/strong>&nbsp;: relecture d\u2019un guide de la collectivit\u00e9, mise \u00e0 disposition de documents ressources permettant de d\u00e9passer un point de blocage,<\/li>\n\n\n\n<li>De la <strong>valorisation de vos initiatives<\/strong> dans nos outils et sites internet (par exemple dans l\u2019observatoire r\u00e9gional des solutions exemplaires pour la gestion int\u00e9gr\u00e9e de l\u2019eau du Graie).<\/li>\n<\/ul>\n\n\n\n<p>Nous vous soutenons dans la mise en \u0153uvre d\u2019une gestion int\u00e9gr\u00e9e de l\u2019eau pluviale en associant urbanisme, environnement, architecture et hydrologie urbaine.<\/p>\n\n\n\n<div style=\"height:40px\" aria-hidden=\"true\" class=\"wp-block-spacer\"><\/div>\n\n\n\n<h3 class=\"wp-block-heading\"><b>Une action en compl\u00e9ment de l\u2019activit\u00e9 d\u2019animation du Graie<\/b><\/h3>\n\n\n\n<p>La cr\u00e9ation de l\u2019Atelier Ville Perm\u00e9able s\u2019inscrit dans l\u2019action durable du Graie pour une gestion int\u00e9gr\u00e9e de l\u2019eau dans l&rsquo;am\u00e9nagement. <\/p>\n\n\n\n<div style=\"height:16px\" aria-hidden=\"true\" class=\"wp-block-spacer\"><\/div>\n\n\n\n<p>Au-del\u00e0 de notre implication dans l\u2019animation, la coordination et la valorisation de la recherche (<a href=\"https:\/\/www.othu.org\/\">OTHU<\/a>, <a href=\"https:\/\/www.graie.org\/urbis-soere\/spip\/spip.php?rubrique5\">URBIS<\/a>, <a href=\"https:\/\/co-udlabs.eu\/\">Co-UDlabs<\/a>, <a href=\"https:\/\/www.graie-novatech.org\/\">Novatech<\/a>), nous portons cette th\u00e9matique au travers de diff\u00e9rentes actions, en fonction des objectifs et publics cibles de l\u2019action :<\/p>\n\n\n\n<ul>\n<li>des supports p\u00e9dagogiques, notamment au travers de la marque de sensibilisation et de vulgarisation <a href=\"http:\/\/www.graie.org\/eaumelimelo\/\">M\u00e9li-M\u00e9lo<\/a>, <a href=\"http:\/\/www.graie.org\/eaumelimelo\/\">D\u00e9m\u00ealons les fils de l\u2019eau<\/a><\/li>\n\n\n\n<li><a href=\"https:\/\/asso.graie.org\/portail\/animation-regionale\/techniques-alternatives\/\">l\u2019observatoire r\u00e9gional des solutions exemplaires pour la gestion des eaux pluviales<\/a><\/li>\n\n\n\n<li>le portage r\u00e9gional des principes pour des territoires <a href=\"https:\/\/asso.graie.org\/portail\/animationregionale\/animations-specifiques\/territoires-eau-responsables\/\">Eaux-Responsables de l\u2019IWA<\/a><\/li>\n\n\n\n<li>le groupe de travail r\u00e9gional <a href=\"https:\/\/asso.graie.org\/portail\/animationregionale\/gt-eaux-pluviales\/\">Eaux pluviales et am\u00e9nagement<\/a><\/li>\n\n\n\n<li>le r\u00e9seau francophone des animateurs eaux pluviales<\/li>\n\n\n\n<li><a href=\"https:\/\/asso.graie.org\/portail\/formation-continue_eaux_pluviales_et_amenagement\/\">les formations sur la gestion des eaux pluviales<\/a><\/li>\n\n\n\n<li>la co-organisation de rencontres locales de sensibilisation sur les eaux pluviales<\/li>\n\n\n\n<li>l\u2019implication dans les travaux du minist\u00e8re de la Transition \u00e9cologique (plan national pour une gestion durable des eaux pluviales 2022-2024, transposition de la Directive europ\u00e9enne, travaux sur le r\u00e9f\u00e9rentiel SISPEA)<\/li>\n<\/ul>\n\n\n\n<div style=\"height:12px\" aria-hidden=\"true\" class=\"wp-block-spacer\"><\/div>\n\n\n\n<p><strong>Ces outils p\u00e9dagogiques, scientifiques et pratiques sont \u00e0 votre disposition ! \u00e0 utiliser sans mod\u00e9ration !<\/strong><\/p>\n\n\n\n<div style=\"height:51px\" aria-hidden=\"true\" class=\"wp-block-spacer\"><\/div>\n\n\n\n<h3 class=\"wp-block-heading\"><b>D\u00e9clencher l\u2019accompagnement<\/b><\/h3>\n\n\n\n<p><b>Vous initiez une action concr\u00e8te&nbsp;? <\/b>Un projet d\u2019am\u00e9nagement, une campagne de sensibilisation ou de mobilisation citoyenne, un plan d&rsquo;action \u00e0 l&rsquo;\u00e9chelle du territoire (PLU, PLUi) \u2026<\/p>\n\n\n\n<p><b>Vous avez des besoins ou pr\u00e9occupations <\/b>relatifs \u00e0 l\u2019adaptation au changement climatique, aux \u00eelots de chaleur urbains, au soutien de la biodiversit\u00e9, aux solutions fond\u00e9es sur la nature, \u00e0 la sant\u00e9 en ville, \u00e0 la gestion des eaux pluviales, des inondations, de la ressource\u2026<\/p>\n\n\n\n<p class=\"has-text-align-center\"><a href=\"mailto:villepermeable@framaliste.org\"><b>Contactez-nous : <\/b><b>villepermeable@framalistes.org<\/b><\/a><\/p>\n","protected":false},"excerpt":{"rendered":"<p>T\u00e9l\u00e9chargez la pr\u00e9sentation de l&rsquo;Atelier ! &nbsp; Trois r\u00e9seaux pour impulser la gestion int\u00e9gr\u00e9e de l\u2019eau pluviale dans la r\u00e9gion Auvergne-Rh\u00f4ne-Alpes Le Graie s&rsquo;unit \u00e0 FNE AuRA et les CAUE pour \u00e9pauler les collectivit\u00e9s dans le lancement d\u2019actions en faveur &hellip;<\/p>\n","protected":false},"author":16,"featured_media":0,"parent":14228,"menu_order":1,"comment_status":"closed","ping_status":"closed","template":"","meta":{"_mi_skip_tracking":false,"footnotes":""},"acf":[],"yoast_head":"<!-- This site is optimized with the Yoast SEO plugin v19.13 - https:\/\/yoast.com\/wordpress\/plugins\/seo\/ -->\n<title>L&#039;Atelier Ville Perm\u00e9able | Animations sp\u00e9cifiques | Le Graie<\/title>\n<meta name=\"description\" content=\"L\u2019Atelier Ville Perm\u00e9able insuffle et consolide la gestion int\u00e9gr\u00e9e des eaux pluviales dans les collectivit\u00e9s de la r\u00e9gion Auvergne-Rh\u00f4ne-Alpes.\" \/>\n<meta name=\"robots\" content=\"index, follow, max-snippet:-1, max-image-preview:large, max-video-preview:-1\" \/>\n<link rel=\"canonical\" href=\"https:\/\/asso.graie.org\/portail\/animationregionale\/animations-specifiques\/atelier-ville-permeable\/\" \/>\n<meta property=\"og:locale\" content=\"fr_FR\" \/>\n<meta property=\"og:type\" content=\"article\" \/>\n<meta property=\"og:title\" content=\"L&#039;Atelier Ville Perm\u00e9able | Animations sp\u00e9cifiques | Le Graie\" \/>\n<meta property=\"og:description\" content=\"L\u2019Atelier Ville Perm\u00e9able insuffle et consolide la gestion int\u00e9gr\u00e9e des eaux pluviales dans les collectivit\u00e9s de la r\u00e9gion Auvergne-Rh\u00f4ne-Alpes.\" \/>\n<meta property=\"og:url\" content=\"https:\/\/asso.graie.org\/portail\/animationregionale\/animations-specifiques\/atelier-ville-permeable\/\" \/>\n<meta property=\"og:site_name\" content=\"Graie\" \/>\n<meta property=\"article:modified_time\" content=\"2025-10-31T08:20:04+00:00\" \/>\n<meta property=\"og:image\" content=\"https:\/\/asso.graie.org\/portail\/wp-content\/uploads\/2023\/07\/AVP_Graie-3.png\" \/>\n<meta name=\"twitter:card\" content=\"summary_large_image\" \/>\n<meta name=\"twitter:site\" content=\"@asso_graie\" \/>\n<meta name=\"twitter:label1\" content=\"Dur\u00e9e de lecture estim\u00e9e\" \/>\n\t<meta name=\"twitter:data1\" content=\"4 minutes\" \/>\n<script type=\"application\/ld+json\" class=\"yoast-schema-graph\">{\"@context\":\"https:\/\/schema.org\",\"@graph\":[{\"@type\":\"WebPage\",\"@id\":\"https:\/\/asso.graie.org\/portail\/animationregionale\/animations-specifiques\/atelier-ville-permeable\/\",\"url\":\"https:\/\/asso.graie.org\/portail\/animationregionale\/animations-specifiques\/atelier-ville-permeable\/\",\"name\":\"L'Atelier Ville Perm\u00e9able | Animations sp\u00e9cifiques | Le Graie\",\"isPartOf\":{\"@id\":\"https:\/\/asso.graie.org\/portail\/#website\"},\"datePublished\":\"2021-11-24T16:10:50+00:00\",\"dateModified\":\"2025-10-31T08:20:04+00:00\",\"description\":\"L\u2019Atelier Ville Perm\u00e9able insuffle et consolide la gestion int\u00e9gr\u00e9e des eaux pluviales dans les collectivit\u00e9s de la r\u00e9gion Auvergne-Rh\u00f4ne-Alpes.\",\"breadcrumb\":{\"@id\":\"https:\/\/asso.graie.org\/portail\/animationregionale\/animations-specifiques\/atelier-ville-permeable\/#breadcrumb\"},\"inLanguage\":\"fr-FR\",\"potentialAction\":[{\"@type\":\"ReadAction\",\"target\":[\"https:\/\/asso.graie.org\/portail\/animationregionale\/animations-specifiques\/atelier-ville-permeable\/\"]}]},{\"@type\":\"BreadcrumbList\",\"@id\":\"https:\/\/asso.graie.org\/portail\/animationregionale\/animations-specifiques\/atelier-ville-permeable\/#breadcrumb\",\"itemListElement\":[{\"@type\":\"ListItem\",\"position\":1,\"name\":\"Accueil\",\"item\":\"https:\/\/asso.graie.org\/portail\/\"},{\"@type\":\"ListItem\",\"position\":2,\"name\":\"Animation\",\"item\":\"https:\/\/asso.graie.org\/portail\/animationregionale\/\"},{\"@type\":\"ListItem\",\"position\":3,\"name\":\"Animations sp\u00e9cifiques\",\"item\":\"https:\/\/asso.graie.org\/portail\/animationregionale\/animations-specifiques\/\"},{\"@type\":\"ListItem\",\"position\":4,\"name\":\"L&rsquo;Atelier Ville Perm\u00e9able\"}]},{\"@type\":\"WebSite\",\"@id\":\"https:\/\/asso.graie.org\/portail\/#website\",\"url\":\"https:\/\/asso.graie.org\/portail\/\",\"name\":\"Graie\",\"description\":\"P\u00f4le Eau et Territoires\",\"publisher\":{\"@id\":\"https:\/\/asso.graie.org\/portail\/#organization\"},\"potentialAction\":[{\"@type\":\"SearchAction\",\"target\":{\"@type\":\"EntryPoint\",\"urlTemplate\":\"https:\/\/asso.graie.org\/portail\/?s={search_term_string}\"},\"query-input\":\"required name=search_term_string\"}],\"inLanguage\":\"fr-FR\"},{\"@type\":\"Organization\",\"@id\":\"https:\/\/asso.graie.org\/portail\/#organization\",\"name\":\"Le Graie\",\"url\":\"https:\/\/asso.graie.org\/portail\/\",\"logo\":{\"@type\":\"ImageObject\",\"inLanguage\":\"fr-FR\",\"@id\":\"https:\/\/asso.graie.org\/portail\/#\/schema\/logo\/image\/\",\"url\":\"https:\/\/asso.graie.org\/portail\/wp-content\/uploads\/2021\/12\/Logotype-Graie.png\",\"contentUrl\":\"https:\/\/asso.graie.org\/portail\/wp-content\/uploads\/2021\/12\/Logotype-Graie.png\",\"width\":1890,\"height\":1181,\"caption\":\"Le Graie\"},\"image\":{\"@id\":\"https:\/\/asso.graie.org\/portail\/#\/schema\/logo\/image\/\"},\"sameAs\":[\"https:\/\/fr.linkedin.com\/company\/graie?trk=top_nav_home\",\"https:\/\/www.youtube.com\/channel\/UCZQk0Tt7upYwERYNdDIZqLQ\",\"https:\/\/twitter.com\/asso_graie\"]}]}<\/script>\n<!-- \/ Yoast SEO plugin. -->","yoast_head_json":{"title":"L'Atelier Ville Perm\u00e9able | Animations sp\u00e9cifiques | Le Graie","description":"L\u2019Atelier Ville Perm\u00e9able insuffle et consolide la gestion int\u00e9gr\u00e9e des eaux pluviales dans les collectivit\u00e9s de la r\u00e9gion Auvergne-Rh\u00f4ne-Alpes.","robots":{"index":"index","follow":"follow","max-snippet":"max-snippet:-1","max-image-preview":"max-image-preview:large","max-video-preview":"max-video-preview:-1"},"canonical":"https:\/\/asso.graie.org\/portail\/animationregionale\/animations-specifiques\/atelier-ville-permeable\/","og_locale":"fr_FR","og_type":"article","og_title":"L'Atelier Ville Perm\u00e9able | Animations sp\u00e9cifiques | Le Graie","og_description":"L\u2019Atelier Ville Perm\u00e9able insuffle et consolide la gestion int\u00e9gr\u00e9e des eaux pluviales dans les collectivit\u00e9s de la r\u00e9gion Auvergne-Rh\u00f4ne-Alpes.","og_url":"https:\/\/asso.graie.org\/portail\/animationregionale\/animations-specifiques\/atelier-ville-permeable\/","og_site_name":"Graie","article_modified_time":"2025-10-31T08:20:04+00:00","og_image":[{"url":"https:\/\/asso.graie.org\/portail\/wp-content\/uploads\/2023\/07\/AVP_Graie-3.png"}],"twitter_card":"summary_large_image","twitter_site":"@asso_graie","twitter_misc":{"Dur\u00e9e de lecture estim\u00e9e":"4 minutes"},"schema":{"@context":"https:\/\/schema.org","@graph":[{"@type":"WebPage","@id":"https:\/\/asso.graie.org\/portail\/animationregionale\/animations-specifiques\/atelier-ville-permeable\/","url":"https:\/\/asso.graie.org\/portail\/animationregionale\/animations-specifiques\/atelier-ville-permeable\/","name":"L'Atelier Ville Perm\u00e9able | Animations sp\u00e9cifiques | Le Graie","isPartOf":{"@id":"https:\/\/asso.graie.org\/portail\/#website"},"datePublished":"2021-11-24T16:10:50+00:00","dateModified":"2025-10-31T08:20:04+00:00","description":"L\u2019Atelier Ville Perm\u00e9able insuffle et consolide la gestion int\u00e9gr\u00e9e des eaux pluviales dans les collectivit\u00e9s de la r\u00e9gion Auvergne-Rh\u00f4ne-Alpes.","breadcrumb":{"@id":"https:\/\/asso.graie.org\/portail\/animationregionale\/animations-specifiques\/atelier-ville-permeable\/#breadcrumb"},"inLanguage":"fr-FR","potentialAction":[{"@type":"ReadAction","target":["https:\/\/asso.graie.org\/portail\/animationregionale\/animations-specifiques\/atelier-ville-permeable\/"]}]},{"@type":"BreadcrumbList","@id":"https:\/\/asso.graie.org\/portail\/animationregionale\/animations-specifiques\/atelier-ville-permeable\/#breadcrumb","itemListElement":[{"@type":"ListItem","position":1,"name":"Accueil","item":"https:\/\/asso.graie.org\/portail\/"},{"@type":"ListItem","position":2,"name":"Animation","item":"https:\/\/asso.graie.org\/portail\/animationregionale\/"},{"@type":"ListItem","position":3,"name":"Animations sp\u00e9cifiques","item":"https:\/\/asso.graie.org\/portail\/animationregionale\/animations-specifiques\/"},{"@type":"ListItem","position":4,"name":"L&rsquo;Atelier Ville Perm\u00e9able"}]},{"@type":"WebSite","@id":"https:\/\/asso.graie.org\/portail\/#website","url":"https:\/\/asso.graie.org\/portail\/","name":"Graie","description":"P\u00f4le Eau et Territoires","publisher":{"@id":"https:\/\/asso.graie.org\/portail\/#organization"},"potentialAction":[{"@type":"SearchAction","target":{"@type":"EntryPoint","urlTemplate":"https:\/\/asso.graie.org\/portail\/?s={search_term_string}"},"query-input":"required name=search_term_string"}],"inLanguage":"fr-FR"},{"@type":"Organization","@id":"https:\/\/asso.graie.org\/portail\/#organization","name":"Le Graie","url":"https:\/\/asso.graie.org\/portail\/","logo":{"@type":"ImageObject","inLanguage":"fr-FR","@id":"https:\/\/asso.graie.org\/portail\/#\/schema\/logo\/image\/","url":"https:\/\/asso.graie.org\/portail\/wp-content\/uploads\/2021\/12\/Logotype-Graie.png","contentUrl":"https:\/\/asso.graie.org\/portail\/wp-content\/uploads\/2021\/12\/Logotype-Graie.png","width":1890,"height":1181,"caption":"Le Graie"},"image":{"@id":"https:\/\/asso.graie.org\/portail\/#\/schema\/logo\/image\/"},"sameAs":["https:\/\/fr.linkedin.com\/company\/graie?trk=top_nav_home","https:\/\/www.youtube.com\/channel\/UCZQk0Tt7upYwERYNdDIZqLQ","https:\/\/twitter.com\/asso_graie"]}]}},"_links":{"self":[{"href":"https:\/\/asso.graie.org\/portail\/wp-json\/wp\/v2\/pages\/19281"}],"collection":[{"href":"https:\/\/asso.graie.org\/portail\/wp-json\/wp\/v2\/pages"}],"about":[{"href":"https:\/\/asso.graie.org\/portail\/wp-json\/wp\/v2\/types\/page"}],"author":[{"embeddable":true,"href":"https:\/\/asso.graie.org\/portail\/wp-json\/wp\/v2\/users\/16"}],"replies":[{"embeddable":true,"href":"https:\/\/asso.graie.org\/portail\/wp-json\/wp\/v2\/comments?post=19281"}],"version-history":[{"count":37,"href":"https:\/\/asso.graie.org\/portail\/wp-json\/wp\/v2\/pages\/19281\/revisions"}],"predecessor-version":[{"id":29530,"href":"https:\/\/asso.graie.org\/portail\/wp-json\/wp\/v2\/pages\/19281\/revisions\/29530"}],"up":[{"embeddable":true,"href":"https:\/\/asso.graie.org\/portail\/wp-json\/wp\/v2\/pages\/14228"}],"wp:attachment":[{"href":"https:\/\/asso.graie.org\/portail\/wp-json\/wp\/v2\/media?parent=19281"}],"curies":[{"name":"wp","href":"https:\/\/api.w.org\/{rel}","templated":true}]}}